{"id":10941,"date":"2022-02-20T22:00:06","date_gmt":"2022-02-20T21:00:06","guid":{"rendered":"https:\/\/zeleni-prsten.hr\/portal\/?page_id=10941"},"modified":"2022-02-23T08:52:33","modified_gmt":"2022-02-23T07:52:33","slug":"ptice-zagrebacke-zupanije","status":"publish","type":"page","link":"https:\/\/zeleni-prsten.hr\/portal\/fotografije\/ptice-zagrebacke-zupanije\/","title":{"rendered":"Ptice Zagreba\u010dke \u017eupanije"},"content":{"rendered":"\n<div class=\"ngg-galleryoverview ngg-template-caption\" id=\"ngg-gallery-90b127c5e66bf0393c584ee9eebf0eb0-10941\">\n\n\n\t<!-- Thumbnails -->\n    \t\t\n\t<div id=\"ngg-image-89\" class=\"ngg-gallery-thumbnail-box\"  >\n\t\t<div class=\"ngg-gallery-thumbnail\" >\n\t\t\t<a href=\"https:\/\/zeleni-prsten.hr\/portal\/wp-content\/gallery\/ptice-zagrebacke-zupanije\/Sjenica-mosnjarka-Tomica-Rubinic.JPG\"\n               title=\"Sjenica mo\u0161njarka-Tomica Rubini\u0107\"\n               class=\"ngg-simplelightbox\" rel=\"90b127c5e66bf0393c584ee9eebf0eb0\" data-image-id=\"89\" data-src=\"https:\/\/zeleni-prsten.hr\/portal\/wp-content\/gallery\/ptice-zagrebacke-zupanije\/Sjenica-mosnjarka-Tomica-Rubinic.JPG\" data-thumbnail=\"https:\/\/zeleni-prsten.hr\/portal\/wp-content\/gallery\/ptice-zagrebacke-zupanije\/cache\/Sjenica-mosnjarka-Tomica-Rubinic.JPG-nggid0289-ngg0dyn-360x320x100-00f0w010c011r110f110r010t010.JPG\" data-title=\"Sjenica mo\u0161njarka - Tomica Rubini\u0107\" data-description=\"Sjenica mo\u0161njarka-Tomica Rubini\u0107\" >\n\t\t\t\t\t\t\t\t<img title=\"Sjenica mo\u0161njarka - Tomica Rubini\u0107\" alt=\"Sjenica mo\u0161njarka - Tomica Rubini\u0107\" src=\"https:\/\/zeleni-prsten.hr\/portal\/wp-content\/gallery\/ptice-zagrebacke-zupanije\/cache\/Sjenica-mosnjarka-Tomica-Rubinic.JPG-nggid0289-ngg0dyn-360x320x100-00f0w010c011r110f110r010t010.JPG\" width='360' height='320' \/>\n\t\t\t\t\t\t\t<\/a>\n\t\t\t<span>Sjenica mo\u0161njarka-Tomica Rubini\u0107<\/span>\n\t\t<\/div>\n\t<\/div>\n\t\t \t\t\n\t<div id=\"ngg-image-91\" class=\"ngg-gallery-thumbnail-box\"  >\n\t\t<div class=\"ngg-gallery-thumbnail\" >\n\t\t\t<a href=\"https:\/\/zeleni-prsten.hr\/portal\/wp-content\/gallery\/ptice-zagrebacke-zupanije\/Pcelarica_Tomica-Rubinic.jpg\"\n               title=\"P\u010delarica - Tomica Rubini\u0107\"\n               class=\"ngg-simplelightbox\" rel=\"90b127c5e66bf0393c584ee9eebf0eb0\" data-image-id=\"91\" data-src=\"https:\/\/zeleni-prsten.hr\/portal\/wp-content\/gallery\/ptice-zagrebacke-zupanije\/Pcelarica_Tomica-Rubinic.jpg\" data-thumbnail=\"https:\/\/zeleni-prsten.hr\/portal\/wp-content\/gallery\/ptice-zagrebacke-zupanije\/cache\/Pcelarica_Tomica-Rubinic.jpg-nggid0291-ngg0dyn-360x320x100-00f0w010c011r110f110r010t010.jpg\" data-title=\"P\u010delarica - Tomica Rubini\u0107\" data-description=\"P\u010delarica - Tomica Rubini\u0107\" >\n\t\t\t\t\t\t\t\t<img title=\"P\u010delarica - Tomica Rubini\u0107\" alt=\"P\u010delarica - Tomica Rubini\u0107\" src=\"https:\/\/zeleni-prsten.hr\/portal\/wp-content\/gallery\/ptice-zagrebacke-zupanije\/cache\/Pcelarica_Tomica-Rubinic.jpg-nggid0291-ngg0dyn-360x320x100-00f0w010c011r110f110r010t010.jpg\" width='360' height='320' \/>\n\t\t\t\t\t\t\t<\/a>\n\t\t\t<span>P\u010delarica - Tomica Rubini\u0107<\/span>\n\t\t<\/div>\n\t<\/div>\n\t\t \t\t\n\t<div id=\"ngg-image-94\" class=\"ngg-gallery-thumbnail-box\"  >\n\t\t<div class=\"ngg-gallery-thumbnail\" >\n\t\t\t<a href=\"https:\/\/zeleni-prsten.hr\/portal\/wp-content\/gallery\/ptice-zagrebacke-zupanije\/Vodomar_Tomica-Rubinic.jpg\"\n               title=\"Vodomar - Tomica Rubini\u0107\"\n               class=\"ngg-simplelightbox\" rel=\"90b127c5e66bf0393c584ee9eebf0eb0\" data-image-id=\"94\" data-src=\"https:\/\/zeleni-prsten.hr\/portal\/wp-content\/gallery\/ptice-zagrebacke-zupanije\/Vodomar_Tomica-Rubinic.jpg\" data-thumbnail=\"https:\/\/zeleni-prsten.hr\/portal\/wp-content\/gallery\/ptice-zagrebacke-zupanije\/cache\/Vodomar_Tomica-Rubinic.jpg-nggid0294-ngg0dyn-360x320x100-00f0w010c011r110f110r010t010.jpg\" data-title=\"Vodomar - Tomica Rubini\u0107\" data-description=\"Vodomar - Tomica Rubini\u0107\" >\n\t\t\t\t\t\t\t\t<img title=\"Vodomar - Tomica Rubini\u0107\" alt=\"Vodomar - Tomica Rubini\u0107\" src=\"https:\/\/zeleni-prsten.hr\/portal\/wp-content\/gallery\/ptice-zagrebacke-zupanije\/cache\/Vodomar_Tomica-Rubinic.jpg-nggid0294-ngg0dyn-360x320x100-00f0w010c011r110f110r010t010.jpg\" width='360' height='320' \/>\n\t\t\t\t\t\t\t<\/a>\n\t\t\t<span>Vodomar - Tomica Rubini\u0107<\/span>\n\t\t<\/div>\n\t<\/div>\n\t\t \t\t\n\t<div id=\"ngg-image-95\" class=\"ngg-gallery-thumbnail-box\"  >\n\t\t<div class=\"ngg-gallery-thumbnail\" >\n\t\t\t<a href=\"https:\/\/zeleni-prsten.hr\/portal\/wp-content\/gallery\/ptice-zagrebacke-zupanije\/Bregunica_Davor-Krnjeta.jpg\"\n               title=\"Bregunica - Davor Krnjeta\"\n               class=\"ngg-simplelightbox\" rel=\"90b127c5e66bf0393c584ee9eebf0eb0\" data-image-id=\"95\" data-src=\"https:\/\/zeleni-prsten.hr\/portal\/wp-content\/gallery\/ptice-zagrebacke-zupanije\/Bregunica_Davor-Krnjeta.jpg\" data-thumbnail=\"https:\/\/zeleni-prsten.hr\/portal\/wp-content\/gallery\/ptice-zagrebacke-zupanije\/cache\/Bregunica_Davor-Krnjeta.jpg-nggid0295-ngg0dyn-360x320x100-00f0w010c011r110f110r010t010.jpg\" data-title=\"Bregunica - Davor Krnjeta\" data-description=\"Bregunica - Davor Krnjeta\" >\n\t\t\t\t\t\t\t\t<img title=\"Bregunica - Davor Krnjeta\" alt=\"Bregunica - Davor Krnjeta\" src=\"https:\/\/zeleni-prsten.hr\/portal\/wp-content\/gallery\/ptice-zagrebacke-zupanije\/cache\/Bregunica_Davor-Krnjeta.jpg-nggid0295-ngg0dyn-360x320x100-00f0w010c011r110f110r010t010.jpg\" width='360' height='320' \/>\n\t\t\t\t\t\t\t<\/a>\n\t\t\t<span>Bregunica - Davor Krnjeta<\/span>\n\t\t<\/div>\n\t<\/div>\n\t\t \t\t\n\t<div id=\"ngg-image-107\" class=\"ngg-gallery-thumbnail-box\"  >\n\t\t<div class=\"ngg-gallery-thumbnail\" >\n\t\t\t<a href=\"https:\/\/zeleni-prsten.hr\/portal\/wp-content\/gallery\/ptice-zagrebacke-zupanije\/bijela-roda_V.-Pirsa.jpg\"\n               title=\"Bijela roda - Vlado Pir\u0161a\"\n               class=\"ngg-simplelightbox\" rel=\"90b127c5e66bf0393c584ee9eebf0eb0\" data-image-id=\"107\" data-src=\"https:\/\/zeleni-prsten.hr\/portal\/wp-content\/gallery\/ptice-zagrebacke-zupanije\/bijela-roda_V.-Pirsa.jpg\" data-thumbnail=\"https:\/\/zeleni-prsten.hr\/portal\/wp-content\/gallery\/ptice-zagrebacke-zupanije\/cache\/bijela-roda_V.-Pirsa.jpg-nggid03107-ngg0dyn-360x320x100-00f0w010c011r110f110r010t010.jpg\" data-title=\"Bijela roda - V. Pir\u0161a\" data-description=\"Bijela roda - Vlado Pir\u0161a\" >\n\t\t\t\t\t\t\t\t<img title=\"Bijela roda - V. Pir\u0161a\" alt=\"Bijela roda - V. Pir\u0161a\" src=\"https:\/\/zeleni-prsten.hr\/portal\/wp-content\/gallery\/ptice-zagrebacke-zupanije\/cache\/bijela-roda_V.-Pirsa.jpg-nggid03107-ngg0dyn-360x320x100-00f0w010c011r110f110r010t010.jpg\" width='360' height='320' \/>\n\t\t\t\t\t\t\t<\/a>\n\t\t\t<span>Bijela roda - Vlado Pir\u0161a<\/span>\n\t\t<\/div>\n\t<\/div>\n\t\t \t\t\n\t<div id=\"ngg-image-110\" class=\"ngg-gallery-thumbnail-box\"  >\n\t\t<div class=\"ngg-gallery-thumbnail\" >\n\t\t\t<a href=\"https:\/\/zeleni-prsten.hr\/portal\/wp-content\/gallery\/ptice-zagrebacke-zupanije\/crna-roda-.jpg\"\n               title=\"Crna roda - Vlado Pir\u0161a\"\n               class=\"ngg-simplelightbox\" rel=\"90b127c5e66bf0393c584ee9eebf0eb0\" data-image-id=\"110\" data-src=\"https:\/\/zeleni-prsten.hr\/portal\/wp-content\/gallery\/ptice-zagrebacke-zupanije\/crna-roda-.jpg\" data-thumbnail=\"https:\/\/zeleni-prsten.hr\/portal\/wp-content\/gallery\/ptice-zagrebacke-zupanije\/cache\/crna-roda-.jpg-nggid03110-ngg0dyn-360x320x100-00f0w010c011r110f110r010t010.jpg\" data-title=\"crna-roda-\" data-description=\"Crna roda - Vlado Pir\u0161a\" >\n\t\t\t\t\t\t\t\t<img title=\"crna-roda-\" alt=\"crna-roda-\" src=\"https:\/\/zeleni-prsten.hr\/portal\/wp-content\/gallery\/ptice-zagrebacke-zupanije\/cache\/crna-roda-.jpg-nggid03110-ngg0dyn-360x320x100-00f0w010c011r110f110r010t010.jpg\" width='360' height='320' \/>\n\t\t\t\t\t\t\t<\/a>\n\t\t\t<span>Crna roda - Vlado Pir\u0161a<\/span>\n\t\t<\/div>\n\t<\/div>\n\t\t \t\t\n\t<div id=\"ngg-image-111\" class=\"ngg-gallery-thumbnail-box\"  >\n\t\t<div class=\"ngg-gallery-thumbnail\" >\n\t\t\t<a href=\"https:\/\/zeleni-prsten.hr\/portal\/wp-content\/gallery\/ptice-zagrebacke-zupanije\/Cigre-Tomica-Rubinic.jpg\"\n               title=\"Crvenokljuna \u010digra - Tomica Rubini\u0107\"\n               class=\"ngg-simplelightbox\" rel=\"90b127c5e66bf0393c584ee9eebf0eb0\" data-image-id=\"111\" data-src=\"https:\/\/zeleni-prsten.hr\/portal\/wp-content\/gallery\/ptice-zagrebacke-zupanije\/Cigre-Tomica-Rubinic.jpg\" data-thumbnail=\"https:\/\/zeleni-prsten.hr\/portal\/wp-content\/gallery\/ptice-zagrebacke-zupanije\/cache\/Cigre-Tomica-Rubinic.jpg-nggid03111-ngg0dyn-360x320x100-00f0w010c011r110f110r010t010.jpg\" data-title=\"Cigre-Tomica-Rubinic\" data-description=\"Crvenokljuna \u010digra - Tomica Rubini\u0107\" >\n\t\t\t\t\t\t\t\t<img title=\"Cigre-Tomica-Rubinic\" alt=\"Cigre-Tomica-Rubinic\" src=\"https:\/\/zeleni-prsten.hr\/portal\/wp-content\/gallery\/ptice-zagrebacke-zupanije\/cache\/Cigre-Tomica-Rubinic.jpg-nggid03111-ngg0dyn-360x320x100-00f0w010c011r110f110r010t010.jpg\" width='360' height='320' \/>\n\t\t\t\t\t\t\t<\/a>\n\t\t\t<span>Crvenokljuna \u010digra - Tomica Rubini\u0107<\/span>\n\t\t<\/div>\n\t<\/div>\n\t\t \t\t\n\t<div id=\"ngg-image-112\" class=\"ngg-gallery-thumbnail-box\"  >\n\t\t<div class=\"ngg-gallery-thumbnail\" >\n\t\t\t<a href=\"https:\/\/zeleni-prsten.hr\/portal\/wp-content\/gallery\/ptice-zagrebacke-zupanije\/kosac-Davor-Krnjeta.jpg\"\n               title=\"Kosac-Davor Krnjeta\"\n               class=\"ngg-simplelightbox\" rel=\"90b127c5e66bf0393c584ee9eebf0eb0\" data-image-id=\"112\" data-src=\"https:\/\/zeleni-prsten.hr\/portal\/wp-content\/gallery\/ptice-zagrebacke-zupanije\/kosac-Davor-Krnjeta.jpg\" data-thumbnail=\"https:\/\/zeleni-prsten.hr\/portal\/wp-content\/gallery\/ptice-zagrebacke-zupanije\/cache\/kosac-Davor-Krnjeta.jpg-nggid03112-ngg0dyn-360x320x100-00f0w010c011r110f110r010t010.jpg\" data-title=\"kosac-Davor-Krnjeta\" data-description=\"Kosac-Davor Krnjeta\" >\n\t\t\t\t\t\t\t\t<img title=\"kosac-Davor-Krnjeta\" alt=\"kosac-Davor-Krnjeta\" src=\"https:\/\/zeleni-prsten.hr\/portal\/wp-content\/gallery\/ptice-zagrebacke-zupanije\/cache\/kosac-Davor-Krnjeta.jpg-nggid03112-ngg0dyn-360x320x100-00f0w010c011r110f110r010t010.jpg\" width='360' height='320' \/>\n\t\t\t\t\t\t\t<\/a>\n\t\t\t<span>Kosac-Davor Krnjeta<\/span>\n\t\t<\/div>\n\t<\/div>\n\t\t \t\t\n\t<div id=\"ngg-image-114\" class=\"ngg-gallery-thumbnail-box\"  >\n\t\t<div class=\"ngg-gallery-thumbnail\" >\n\t\t\t<a href=\"https:\/\/zeleni-prsten.hr\/portal\/wp-content\/gallery\/ptice-zagrebacke-zupanije\/Orao-stekavac-Davor-Krnjeta.jpg\"\n               title=\"Orao \u0161tekavac-Davor Krnjeta\"\n               class=\"ngg-simplelightbox\" rel=\"90b127c5e66bf0393c584ee9eebf0eb0\" data-image-id=\"114\" data-src=\"https:\/\/zeleni-prsten.hr\/portal\/wp-content\/gallery\/ptice-zagrebacke-zupanije\/Orao-stekavac-Davor-Krnjeta.jpg\" data-thumbnail=\"https:\/\/zeleni-prsten.hr\/portal\/wp-content\/gallery\/ptice-zagrebacke-zupanije\/cache\/Orao-stekavac-Davor-Krnjeta.jpg-nggid03114-ngg0dyn-360x320x100-00f0w010c011r110f110r010t010.jpg\" data-title=\"Orao-stekavac-Davor-Krnjeta\" data-description=\"Orao \u0161tekavac-Davor Krnjeta\" >\n\t\t\t\t\t\t\t\t<img title=\"Orao-stekavac-Davor-Krnjeta\" alt=\"Orao-stekavac-Davor-Krnjeta\" src=\"https:\/\/zeleni-prsten.hr\/portal\/wp-content\/gallery\/ptice-zagrebacke-zupanije\/cache\/Orao-stekavac-Davor-Krnjeta.jpg-nggid03114-ngg0dyn-360x320x100-00f0w010c011r110f110r010t010.jpg\" width='360' height='320' \/>\n\t\t\t\t\t\t\t<\/a>\n\t\t\t<span>Orao \u0161tekavac-Davor Krnjeta<\/span>\n\t\t<\/div>\n\t<\/div>\n\t\t \t\t\n\t<div id=\"ngg-image-115\" class=\"ngg-gallery-thumbnail-box\"  >\n\t\t<div class=\"ngg-gallery-thumbnail\" >\n\t\t\t<a href=\"https:\/\/zeleni-prsten.hr\/portal\/wp-content\/gallery\/ptice-zagrebacke-zupanije\/rode-Zeljka-Sabaric.jpg\"\n               title=\" \"\n               class=\"ngg-simplelightbox\" rel=\"90b127c5e66bf0393c584ee9eebf0eb0\" data-image-id=\"115\" data-src=\"https:\/\/zeleni-prsten.hr\/portal\/wp-content\/gallery\/ptice-zagrebacke-zupanije\/rode-Zeljka-Sabaric.jpg\" data-thumbnail=\"https:\/\/zeleni-prsten.hr\/portal\/wp-content\/gallery\/ptice-zagrebacke-zupanije\/cache\/rode-Zeljka-Sabaric.jpg-nggid03115-ngg0dyn-360x320x100-00f0w010c011r110f110r010t010.jpg\" data-title=\"rode-Zeljka-Sabaric\" data-description=\" \" >\n\t\t\t\t\t\t\t\t<img title=\"rode-Zeljka-Sabaric\" alt=\"rode-Zeljka-Sabaric\" src=\"https:\/\/zeleni-prsten.hr\/portal\/wp-content\/gallery\/ptice-zagrebacke-zupanije\/cache\/rode-Zeljka-Sabaric.jpg-nggid03115-ngg0dyn-360x320x100-00f0w010c011r110f110r010t010.jpg\" width='360' height='320' \/>\n\t\t\t\t\t\t\t<\/a>\n\t\t\t<span> <\/span>\n\t\t<\/div>\n\t<\/div>\n\t\t \t \t\n\t<!-- Pagination -->\n \t<div class='ngg-clear'><\/div> \t\n<\/div>\n\n\n","protected":false},"excerpt":{"rendered":"Sjenica mo\u0161njarka-Tomica Rubini\u0107 P\u010delarica - Tomica Rubini\u0107 Vodomar - Tomica Rubini\u0107 Bregunica - Davor Krnjeta Bijela roda - Vlado Pir\u0161a Crna roda - Vlado Pir\u0161a Crvenokljuna \u010digra - Tomica Rubini\u0107 Kosac-Davor Krnjeta Orao \u0161tekavac-Davor Krnjeta","protected":false},"author":1,"featured_media":11152,"parent":2456,"menu_order":4,"comment_status":"closed","ping_status":"closed","template":"","meta":{"ngg_post_thumbnail":0},"yoast_head":"<!-- This site is optimized with the Yoast SEO plugin v18.4.1 - https:\/\/yoast.com\/wordpress\/plugins\/seo\/ -->\n<title>Ptice Zagreba\u010dke \u017eupanije - JU Zeleni prsten Zagreba\u010dke \u017eupanije<\/title>\n<meta name=\"robots\" content=\"index, follow, max-snippet:-1, max-image-preview:large, max-video-preview:-1\" \/>\n<link rel=\"canonical\" href=\"https:\/\/zeleni-prsten.hr\/portal\/fotografije\/ptice-zagrebacke-zupanije\/\" \/>\n<meta property=\"og:locale\" content=\"hr_HR\" \/>\n<meta property=\"og:type\" content=\"article\" \/>\n<meta property=\"og:title\" content=\"Ptice Zagreba\u010dke \u017eupanije - JU Zeleni prsten Zagreba\u010dke \u017eupanije\" \/>\n<meta property=\"og:url\" content=\"https:\/\/zeleni-prsten.hr\/portal\/fotografije\/ptice-zagrebacke-zupanije\/\" \/>\n<meta property=\"og:site_name\" content=\"JU Zeleni prsten Zagreba\u010dke \u017eupanije\" \/>\n<meta property=\"article:modified_time\" content=\"2022-02-23T07:52:33+00:00\" \/>\n<meta property=\"og:image\" content=\"https:\/\/zeleni-prsten.hr\/portal\/wp-content\/uploads\/2022\/02\/sjenica-mosnjarka-Tomica-Rubinic.jpg\" \/>\n\t<meta property=\"og:image:width\" content=\"1920\" \/>\n\t<meta property=\"og:image:height\" content=\"1280\" \/>\n\t<meta property=\"og:image:type\" content=\"image\/jpeg\" \/>\n<meta name=\"twitter:card\" content=\"summary_large_image\" \/>\n<script type=\"application\/ld+json\" class=\"yoast-schema-graph\">{\"@context\":\"https:\/\/schema.org\",\"@graph\":[{\"@type\":\"WebSite\",\"@id\":\"https:\/\/zeleni-prsten.hr\/portal\/#website\",\"url\":\"https:\/\/zeleni-prsten.hr\/portal\/\",\"name\":\"JU Zeleni prsten Zagreba\u010dke \u017eupanije\",\"description\":\"JU Zeleni prsten Zagreba\u010dke \u017eupanije\",\"potentialAction\":[{\"@type\":\"SearchAction\",\"target\":{\"@type\":\"EntryPoint\",\"urlTemplate\":\"https:\/\/zeleni-prsten.hr\/portal\/?s={search_term_string}\"},\"query-input\":\"required name=search_term_string\"}],\"inLanguage\":\"hr\"},{\"@type\":\"ImageObject\",\"@id\":\"https:\/\/zeleni-prsten.hr\/portal\/fotografije\/ptice-zagrebacke-zupanije\/#primaryimage\",\"inLanguage\":\"hr\",\"url\":\"https:\/\/zeleni-prsten.hr\/portal\/wp-content\/uploads\/2022\/02\/sjenica-mosnjarka-Tomica-Rubinic.jpg\",\"contentUrl\":\"https:\/\/zeleni-prsten.hr\/portal\/wp-content\/uploads\/2022\/02\/sjenica-mosnjarka-Tomica-Rubinic.jpg\",\"width\":1920,\"height\":1280},{\"@type\":\"WebPage\",\"@id\":\"https:\/\/zeleni-prsten.hr\/portal\/fotografije\/ptice-zagrebacke-zupanije\/#webpage\",\"url\":\"https:\/\/zeleni-prsten.hr\/portal\/fotografije\/ptice-zagrebacke-zupanije\/\",\"name\":\"Ptice Zagreba\u010dke \u017eupanije - JU Zeleni prsten Zagreba\u010dke \u017eupanije\",\"isPartOf\":{\"@id\":\"https:\/\/zeleni-prsten.hr\/portal\/#website\"},\"primaryImageOfPage\":{\"@id\":\"https:\/\/zeleni-prsten.hr\/portal\/fotografije\/ptice-zagrebacke-zupanije\/#primaryimage\"},\"datePublished\":\"2022-02-20T21:00:06+00:00\",\"dateModified\":\"2022-02-23T07:52:33+00:00\",\"breadcrumb\":{\"@id\":\"https:\/\/zeleni-prsten.hr\/portal\/fotografije\/ptice-zagrebacke-zupanije\/#breadcrumb\"},\"inLanguage\":\"hr\",\"potentialAction\":[{\"@type\":\"ReadAction\",\"target\":[\"https:\/\/zeleni-prsten.hr\/portal\/fotografije\/ptice-zagrebacke-zupanije\/\"]}]},{\"@type\":\"BreadcrumbList\",\"@id\":\"https:\/\/zeleni-prsten.hr\/portal\/fotografije\/ptice-zagrebacke-zupanije\/#breadcrumb\",\"itemListElement\":[{\"@type\":\"ListItem\",\"position\":1,\"name\":\"Home\",\"item\":\"https:\/\/zeleni-prsten.hr\/portal\/\"},{\"@type\":\"ListItem\",\"position\":2,\"name\":\"Fotografije\",\"item\":\"https:\/\/zeleni-prsten.hr\/portal\/fotografije\/\"},{\"@type\":\"ListItem\",\"position\":3,\"name\":\"Ptice Zagreba\u010dke \u017eupanije\"}]}]}<\/script>\n<!-- \/ Yoast SEO plugin. -->","yoast_head_json":{"title":"Ptice Zagreba\u010dke \u017eupanije - JU Zeleni prsten Zagreba\u010dke \u017eupanije","robots":{"index":"index","follow":"follow","max-snippet":"max-snippet:-1","max-image-preview":"max-image-preview:large","max-video-preview":"max-video-preview:-1"},"canonical":"https:\/\/zeleni-prsten.hr\/portal\/fotografije\/ptice-zagrebacke-zupanije\/","og_locale":"hr_HR","og_type":"article","og_title":"Ptice Zagreba\u010dke \u017eupanije - JU Zeleni prsten Zagreba\u010dke \u017eupanije","og_url":"https:\/\/zeleni-prsten.hr\/portal\/fotografije\/ptice-zagrebacke-zupanije\/","og_site_name":"JU Zeleni prsten Zagreba\u010dke \u017eupanije","article_modified_time":"2022-02-23T07:52:33+00:00","og_image":[{"width":1920,"height":1280,"url":"https:\/\/zeleni-prsten.hr\/portal\/wp-content\/uploads\/2022\/02\/sjenica-mosnjarka-Tomica-Rubinic.jpg","type":"image\/jpeg"}],"twitter_card":"summary_large_image","schema":{"@context":"https:\/\/schema.org","@graph":[{"@type":"WebSite","@id":"https:\/\/zeleni-prsten.hr\/portal\/#website","url":"https:\/\/zeleni-prsten.hr\/portal\/","name":"JU Zeleni prsten Zagreba\u010dke \u017eupanije","description":"JU Zeleni prsten Zagreba\u010dke \u017eupanije","potentialAction":[{"@type":"SearchAction","target":{"@type":"EntryPoint","urlTemplate":"https:\/\/zeleni-prsten.hr\/portal\/?s={search_term_string}"},"query-input":"required name=search_term_string"}],"inLanguage":"hr"},{"@type":"ImageObject","@id":"https:\/\/zeleni-prsten.hr\/portal\/fotografije\/ptice-zagrebacke-zupanije\/#primaryimage","inLanguage":"hr","url":"https:\/\/zeleni-prsten.hr\/portal\/wp-content\/uploads\/2022\/02\/sjenica-mosnjarka-Tomica-Rubinic.jpg","contentUrl":"https:\/\/zeleni-prsten.hr\/portal\/wp-content\/uploads\/2022\/02\/sjenica-mosnjarka-Tomica-Rubinic.jpg","width":1920,"height":1280},{"@type":"WebPage","@id":"https:\/\/zeleni-prsten.hr\/portal\/fotografije\/ptice-zagrebacke-zupanije\/#webpage","url":"https:\/\/zeleni-prsten.hr\/portal\/fotografije\/ptice-zagrebacke-zupanije\/","name":"Ptice Zagreba\u010dke \u017eupanije - JU Zeleni prsten Zagreba\u010dke \u017eupanije","isPartOf":{"@id":"https:\/\/zeleni-prsten.hr\/portal\/#website"},"primaryImageOfPage":{"@id":"https:\/\/zeleni-prsten.hr\/portal\/fotografije\/ptice-zagrebacke-zupanije\/#primaryimage"},"datePublished":"2022-02-20T21:00:06+00:00","dateModified":"2022-02-23T07:52:33+00:00","breadcrumb":{"@id":"https:\/\/zeleni-prsten.hr\/portal\/fotografije\/ptice-zagrebacke-zupanije\/#breadcrumb"},"inLanguage":"hr","potentialAction":[{"@type":"ReadAction","target":["https:\/\/zeleni-prsten.hr\/portal\/fotografije\/ptice-zagrebacke-zupanije\/"]}]},{"@type":"BreadcrumbList","@id":"https:\/\/zeleni-prsten.hr\/portal\/fotografije\/ptice-zagrebacke-zupanije\/#breadcrumb","itemListElement":[{"@type":"ListItem","position":1,"name":"Home","item":"https:\/\/zeleni-prsten.hr\/portal\/"},{"@type":"ListItem","position":2,"name":"Fotografije","item":"https:\/\/zeleni-prsten.hr\/portal\/fotografije\/"},{"@type":"ListItem","position":3,"name":"Ptice Zagreba\u010dke \u017eupanije"}]}]}},"_links":{"self":[{"href":"https:\/\/zeleni-prsten.hr\/portal\/wp-json\/wp\/v2\/pages\/10941"}],"collection":[{"href":"https:\/\/zeleni-prsten.hr\/portal\/wp-json\/wp\/v2\/pages"}],"about":[{"href":"https:\/\/zeleni-prsten.hr\/portal\/wp-json\/wp\/v2\/types\/page"}],"author":[{"embeddable":true,"href":"https:\/\/zeleni-prsten.hr\/portal\/wp-json\/wp\/v2\/users\/1"}],"replies":[{"embeddable":true,"href":"https:\/\/zeleni-prsten.hr\/portal\/wp-json\/wp\/v2\/comments?post=10941"}],"version-history":[{"count":1,"href":"https:\/\/zeleni-prsten.hr\/portal\/wp-json\/wp\/v2\/pages\/10941\/revisions"}],"predecessor-version":[{"id":10943,"href":"https:\/\/zeleni-prsten.hr\/portal\/wp-json\/wp\/v2\/pages\/10941\/revisions\/10943"}],"up":[{"embeddable":true,"href":"https:\/\/zeleni-prsten.hr\/portal\/wp-json\/wp\/v2\/pages\/2456"}],"wp:featuredmedia":[{"embeddable":true,"href":"https:\/\/zeleni-prsten.hr\/portal\/wp-json\/wp\/v2\/media\/11152"}],"wp:attachment":[{"href":"https:\/\/zeleni-prsten.hr\/portal\/wp-json\/wp\/v2\/media?parent=10941"}],"curies":[{"name":"wp","href":"https:\/\/api.w.org\/{rel}","templated":true}]}}