{"id":3899,"date":"2021-11-14T12:47:14","date_gmt":"2021-11-14T11:47:14","guid":{"rendered":"https:\/\/zeleni-prsten.hr\/portal\/?page_id=3899"},"modified":"2022-03-07T13:49:58","modified_gmt":"2022-03-07T12:49:58","slug":"brezuljak-kod-smerovisca","status":"publish","type":"page","link":"https:\/\/zeleni-prsten.hr\/portal\/zasticena-podrucja\/brezuljak-kod-smerovisca\/","title":{"rendered":"Bre\u017euljak kod Smerovi\u0161\u0107a"},"content":{"rendered":"<p>[vc_row full_width=&#8221;stretch_row&#8221;][vc_column]<div class=\"ult-spacer spacer-69e3ec122eca8\" data-id=\"69e3ec122eca8\" data-height=\"75\" data-height-mobile=\"30\" data-height-tab=\"50\" data-height-tab-portrait=\"50\" data-height-mobile-landscape=\"20\" style=\"clear:both;display:block;\"><\/div>[\/vc_column][\/vc_row][vc_row full_width=&#8221;stretch_row&#8221;][vc_column][vc_column_text css=&#8221;.vc_custom_1645789264355{padding-top: 2rem !important;padding-bottom: 3rem !important;}&#8221;]Podru\u010dje Bre\u017euljka kod Smerovi\u0161\u0107a za\u0161ti\u0107eno je kao posebni botani\u010dki rezervat 1963. godine. Zna\u010dajan je floristi\u010dki lokalitet ukupne za\u0161ti\u0107ene povr\u0161ine od 3,04 ha. Nalazi se na dolomitnom bre\u017euljku, sastavljenom od pje\u0161\u010denjaka, neposredno iznad korita Lipove\u010dke Gradne u Samoboru uz aktivni kamenolom. Tu je stani\u0161te na\u0161la i samoborska gromotulja, nje\u017ena busenasta biljka, koja raste samo na dvije lokacije u svijetu, te mala sapunika koja je tercijarni relikt i pripada ju\u017enoeuropskom flornom elementu.[\/vc_column_text][\/vc_column][\/vc_row][vc_row full_width=&#8221;stretch_row&#8221; bg_type=&#8221;image&#8221; parallax_style=&#8221;vcpb-vz-jquery&#8221; bg_image_new=&#8221;id^11250|url^https:\/\/zeleni-prsten.hr\/portal\/wp-content\/uploads\/2022\/02\/sapunika-Vankich-Shutterstock.com-Large.jpg|caption^null|alt^null|title^sapunika- Vankich-Shutterstock.com (Large)|description^null&#8221;][vc_column width=&#8221;1\/3&#8243; css=&#8221;.vc_custom_1616094504001{background-color: rgba(0,0,0,0.6) !important;*background-color: rgb(0,0,0) !important;}&#8221;][vc_custom_heading text=&#8221;Jeste li znali?&#8221; font_container=&#8221;tag:h2|text_align:center|color:%23ffffff&#8221;][vc_column_text]<span style=\"color: #ffffff;\">Sapunika je stara ljekovita biljka, bogata saponinima, koji stvaraju pjenu u vodi nakon \u0161to se korijen biljke natrlja i potopi u vodu. Zbog te pojave biljka je dobila naziv sapunika. <\/span>[\/vc_column_text][\/vc_column][vc_column width=&#8221;1\/3&#8243;][\/vc_column][vc_column width=&#8221;1\/3&#8243;][\/vc_column][\/vc_row][vc_row full_width=&#8221;stretch_row&#8221;][vc_column][vc_column_text css=&#8221;.vc_custom_1645637162300{padding-top: 2rem !important;padding-bottom: 3rem !important;}&#8221;]Samoborska gromotulja biljka je malih \u017eutih cvjetova skromnih \u017eivotnih zahtjeva. Raste u obliku busena, a list je s obje strane prekriven zvjezdastim dla\u010dicama. Cvate u o\u017eujku i travnju, listovi su uski, prema vrhu su\u017eeni te dlakavi i sivozelene boje, dok su cvjetovi \u017euti s \u010detiri srcolike latice unakrsno smje\u0161tene. Od milja je nazvana samoborska degenija. Smerovi\u0161\u0107e je jedino stani\u0161te samoborske gromotulje u Hrvatskoj.<\/p>\n<p>&nbsp;<\/p>\n<p><strong>Podru\u010dje nije otvoreno za posje\u0107ivanje.<\/strong>[\/vc_column_text][\/vc_column][\/vc_row][vc_row full_width=&#8221;stretch_row&#8221; bg_type=&#8221;bg_color&#8221; bg_color_value=&#8221;#ffffff&#8221;][vc_column]<div class=\"ult-spacer spacer-69e3ec122ecc1\" data-id=\"69e3ec122ecc1\" data-height=\"100\" data-height-mobile=\"40\" data-height-tab=\"80\" data-height-tab-portrait=\"80\" data-height-mobile-landscape=\"30\" style=\"clear:both;display:block;\"><\/div>[vc_masonry_media_grid item=&#8221;masonryMedia_BorderedScale&#8221; initial_loading_animation=&#8221;fadeIn&#8221; grid_id=&#8221;vc_gid:1646657387111-cba9e9da-d7b1-10&#8243; include=&#8221;3900,3901,4206,11671,3903,3902&#8243;][\/vc_column][\/vc_row][vc_row][vc_column][vc_text_separator title=&#8221;Istra\u017ei i do\u017eivi!&#8221; color=&#8221;sandy_brown&#8221; style=&#8221;double&#8221; el_width=&#8221;80&#8243; css_animation=&#8221;fadeIn&#8221;]<div class=\"ult-spacer spacer-69e3ec122ecce\" data-id=\"69e3ec122ecce\" data-height=\"40\" data-height-mobile=\"20\" data-height-tab=\"30\" data-height-tab-portrait=\"30\" data-height-mobile-landscape=\"20\" style=\"clear:both;display:block;\"><\/div>[vc_masonry_grid post_type=&#8221;ids&#8221; style=&#8221;lazy&#8221; items_per_page=&#8221;2&#8243; element_width=&#8221;6&#8243; item=&#8221;masonryGrid_FadeIn&#8221; initial_loading_animation=&#8221;fadeIn&#8221; grid_id=&#8221;vc_gid:1646657387113-73141fac-2ef1-5&#8243; include=&#8221;3908, 3410&#8243;]<div class=\"ult-spacer spacer-69e3ec122ecd8\" data-id=\"69e3ec122ecd8\" data-height=\"100\" data-height-mobile=\"25\" data-height-tab=\"70\" data-height-tab-portrait=\"50\" data-height-mobile-landscape=\"30\" style=\"clear:both;display:block;\"><\/div>[\/vc_column][\/vc_row]<\/p>\n","protected":false},"excerpt":{"rendered":"<p>[vc_row full_width=&#8221;stretch_row&#8221;][vc_column][\/vc_column][\/vc_row][vc_row full_width=&#8221;stretch_row&#8221;][vc_column][vc_column_text css=&#8221;.vc_custom_1645789264355{padding-top: 2rem !important;padding-bottom: 3rem !important;}&#8221;]Podru\u010dje Bre\u017euljka kod Smerovi\u0161\u0107a za\u0161ti\u0107eno je kao posebni botani\u010dki rezervat 1963. godine. Zna\u010dajan je floristi\u010dki lokalitet ukupne za\u0161ti\u0107ene povr\u0161ine od 3,04 ha. Nalazi se na dolomitnom bre\u017euljku, sastavljenom od pje\u0161\u010denjaka, neposredno iznad korita [&hellip;]<\/p>\n","protected":false},"author":1,"featured_media":3445,"parent":2509,"menu_order":2,"comment_status":"closed","ping_status":"closed","template":"","meta":{"ngg_post_thumbnail":0},"yoast_head":"<!-- This site is optimized with the Yoast SEO plugin v18.4.1 - https:\/\/yoast.com\/wordpress\/plugins\/seo\/ -->\n<title>Bre\u017euljak kod Smerovi\u0161\u0107a - JU Zeleni prsten Zagreba\u010dke \u017eupanije<\/title>\n<meta name=\"robots\" content=\"index, follow, max-snippet:-1, max-image-preview:large, max-video-preview:-1\" \/>\n<link rel=\"canonical\" href=\"https:\/\/zeleni-prsten.hr\/portal\/zasticena-podrucja\/brezuljak-kod-smerovisca\/\" \/>\n<meta property=\"og:locale\" content=\"hr_HR\" \/>\n<meta property=\"og:type\" content=\"article\" \/>\n<meta property=\"og:title\" content=\"Bre\u017euljak kod Smerovi\u0161\u0107a - JU Zeleni prsten Zagreba\u010dke \u017eupanije\" \/>\n<meta property=\"og:description\" content=\"[vc_row full_width=&#8221;stretch_row&#8221;][vc_column][\/vc_column][\/vc_row][vc_row full_width=&#8221;stretch_row&#8221;][vc_column][vc_column_text css=&#8221;.vc_custom_1645789264355{padding-top: 2rem !important;padding-bottom: 3rem !important;}&#8221;]Podru\u010dje Bre\u017euljka kod Smerovi\u0161\u0107a za\u0161ti\u0107eno je kao posebni botani\u010dki rezervat 1963. godine. Zna\u010dajan je floristi\u010dki lokalitet ukupne za\u0161ti\u0107ene povr\u0161ine od 3,04 ha. Nalazi se na dolomitnom bre\u017euljku, sastavljenom od pje\u0161\u010denjaka, neposredno iznad korita [&hellip;]\" \/>\n<meta property=\"og:url\" content=\"https:\/\/zeleni-prsten.hr\/portal\/zasticena-podrucja\/brezuljak-kod-smerovisca\/\" \/>\n<meta property=\"og:site_name\" content=\"JU Zeleni prsten Zagreba\u010dke \u017eupanije\" \/>\n<meta property=\"article:modified_time\" content=\"2022-03-07T12:49:58+00:00\" \/>\n<meta property=\"og:image\" content=\"https:\/\/zeleni-prsten.hr\/portal\/wp-content\/uploads\/2021\/03\/Posebni-rezervat-Brezuljak-kod-Smerovisca-scaled.jpg\" \/>\n\t<meta property=\"og:image:width\" content=\"2560\" \/>\n\t<meta property=\"og:image:height\" content=\"1707\" \/>\n\t<meta property=\"og:image:type\" content=\"image\/jpeg\" \/>\n<meta name=\"twitter:card\" content=\"summary_large_image\" \/>\n<meta name=\"twitter:label1\" content=\"Procijenjeno vrijeme \u010ditanja\" \/>\n\t<meta name=\"twitter:data1\" content=\"3 minute\" \/>\n<script type=\"application\/ld+json\" class=\"yoast-schema-graph\">{\"@context\":\"https:\/\/schema.org\",\"@graph\":[{\"@type\":\"WebSite\",\"@id\":\"https:\/\/zeleni-prsten.hr\/portal\/#website\",\"url\":\"https:\/\/zeleni-prsten.hr\/portal\/\",\"name\":\"JU Zeleni prsten Zagreba\u010dke \u017eupanije\",\"description\":\"JU Zeleni prsten Zagreba\u010dke \u017eupanije\",\"potentialAction\":[{\"@type\":\"SearchAction\",\"target\":{\"@type\":\"EntryPoint\",\"urlTemplate\":\"https:\/\/zeleni-prsten.hr\/portal\/?s={search_term_string}\"},\"query-input\":\"required name=search_term_string\"}],\"inLanguage\":\"hr\"},{\"@type\":\"ImageObject\",\"@id\":\"https:\/\/zeleni-prsten.hr\/portal\/zasticena-podrucja\/brezuljak-kod-smerovisca\/#primaryimage\",\"inLanguage\":\"hr\",\"url\":\"https:\/\/zeleni-prsten.hr\/portal\/wp-content\/uploads\/2021\/03\/Posebni-rezervat-Brezuljak-kod-Smerovisca-scaled.jpg\",\"contentUrl\":\"https:\/\/zeleni-prsten.hr\/portal\/wp-content\/uploads\/2021\/03\/Posebni-rezervat-Brezuljak-kod-Smerovisca-scaled.jpg\",\"width\":2560,\"height\":1707},{\"@type\":\"WebPage\",\"@id\":\"https:\/\/zeleni-prsten.hr\/portal\/zasticena-podrucja\/brezuljak-kod-smerovisca\/#webpage\",\"url\":\"https:\/\/zeleni-prsten.hr\/portal\/zasticena-podrucja\/brezuljak-kod-smerovisca\/\",\"name\":\"Bre\u017euljak kod Smerovi\u0161\u0107a - JU Zeleni prsten Zagreba\u010dke \u017eupanije\",\"isPartOf\":{\"@id\":\"https:\/\/zeleni-prsten.hr\/portal\/#website\"},\"primaryImageOfPage\":{\"@id\":\"https:\/\/zeleni-prsten.hr\/portal\/zasticena-podrucja\/brezuljak-kod-smerovisca\/#primaryimage\"},\"datePublished\":\"2021-11-14T11:47:14+00:00\",\"dateModified\":\"2022-03-07T12:49:58+00:00\",\"breadcrumb\":{\"@id\":\"https:\/\/zeleni-prsten.hr\/portal\/zasticena-podrucja\/brezuljak-kod-smerovisca\/#breadcrumb\"},\"inLanguage\":\"hr\",\"potentialAction\":[{\"@type\":\"ReadAction\",\"target\":[\"https:\/\/zeleni-prsten.hr\/portal\/zasticena-podrucja\/brezuljak-kod-smerovisca\/\"]}]},{\"@type\":\"BreadcrumbList\",\"@id\":\"https:\/\/zeleni-prsten.hr\/portal\/zasticena-podrucja\/brezuljak-kod-smerovisca\/#breadcrumb\",\"itemListElement\":[{\"@type\":\"ListItem\",\"position\":1,\"name\":\"Home\",\"item\":\"https:\/\/zeleni-prsten.hr\/portal\/\"},{\"@type\":\"ListItem\",\"position\":2,\"name\":\"Za\u0161ti\u0107ena podru\u010dja\",\"item\":\"https:\/\/zeleni-prsten.hr\/portal\/zasticena-podrucja\/\"},{\"@type\":\"ListItem\",\"position\":3,\"name\":\"Bre\u017euljak kod Smerovi\u0161\u0107a\"}]}]}<\/script>\n<!-- \/ Yoast SEO plugin. -->","yoast_head_json":{"title":"Bre\u017euljak kod Smerovi\u0161\u0107a - JU Zeleni prsten Zagreba\u010dke \u017eupanije","robots":{"index":"index","follow":"follow","max-snippet":"max-snippet:-1","max-image-preview":"max-image-preview:large","max-video-preview":"max-video-preview:-1"},"canonical":"https:\/\/zeleni-prsten.hr\/portal\/zasticena-podrucja\/brezuljak-kod-smerovisca\/","og_locale":"hr_HR","og_type":"article","og_title":"Bre\u017euljak kod Smerovi\u0161\u0107a - JU Zeleni prsten Zagreba\u010dke \u017eupanije","og_description":"[vc_row full_width=&#8221;stretch_row&#8221;][vc_column][\/vc_column][\/vc_row][vc_row full_width=&#8221;stretch_row&#8221;][vc_column][vc_column_text css=&#8221;.vc_custom_1645789264355{padding-top: 2rem !important;padding-bottom: 3rem !important;}&#8221;]Podru\u010dje Bre\u017euljka kod Smerovi\u0161\u0107a za\u0161ti\u0107eno je kao posebni botani\u010dki rezervat 1963. godine. Zna\u010dajan je floristi\u010dki lokalitet ukupne za\u0161ti\u0107ene povr\u0161ine od 3,04 ha. Nalazi se na dolomitnom bre\u017euljku, sastavljenom od pje\u0161\u010denjaka, neposredno iznad korita [&hellip;]","og_url":"https:\/\/zeleni-prsten.hr\/portal\/zasticena-podrucja\/brezuljak-kod-smerovisca\/","og_site_name":"JU Zeleni prsten Zagreba\u010dke \u017eupanije","article_modified_time":"2022-03-07T12:49:58+00:00","og_image":[{"width":2560,"height":1707,"url":"https:\/\/zeleni-prsten.hr\/portal\/wp-content\/uploads\/2021\/03\/Posebni-rezervat-Brezuljak-kod-Smerovisca-scaled.jpg","type":"image\/jpeg"}],"twitter_card":"summary_large_image","twitter_misc":{"Procijenjeno vrijeme \u010ditanja":"3 minute"},"schema":{"@context":"https:\/\/schema.org","@graph":[{"@type":"WebSite","@id":"https:\/\/zeleni-prsten.hr\/portal\/#website","url":"https:\/\/zeleni-prsten.hr\/portal\/","name":"JU Zeleni prsten Zagreba\u010dke \u017eupanije","description":"JU Zeleni prsten Zagreba\u010dke \u017eupanije","potentialAction":[{"@type":"SearchAction","target":{"@type":"EntryPoint","urlTemplate":"https:\/\/zeleni-prsten.hr\/portal\/?s={search_term_string}"},"query-input":"required name=search_term_string"}],"inLanguage":"hr"},{"@type":"ImageObject","@id":"https:\/\/zeleni-prsten.hr\/portal\/zasticena-podrucja\/brezuljak-kod-smerovisca\/#primaryimage","inLanguage":"hr","url":"https:\/\/zeleni-prsten.hr\/portal\/wp-content\/uploads\/2021\/03\/Posebni-rezervat-Brezuljak-kod-Smerovisca-scaled.jpg","contentUrl":"https:\/\/zeleni-prsten.hr\/portal\/wp-content\/uploads\/2021\/03\/Posebni-rezervat-Brezuljak-kod-Smerovisca-scaled.jpg","width":2560,"height":1707},{"@type":"WebPage","@id":"https:\/\/zeleni-prsten.hr\/portal\/zasticena-podrucja\/brezuljak-kod-smerovisca\/#webpage","url":"https:\/\/zeleni-prsten.hr\/portal\/zasticena-podrucja\/brezuljak-kod-smerovisca\/","name":"Bre\u017euljak kod Smerovi\u0161\u0107a - JU Zeleni prsten Zagreba\u010dke \u017eupanije","isPartOf":{"@id":"https:\/\/zeleni-prsten.hr\/portal\/#website"},"primaryImageOfPage":{"@id":"https:\/\/zeleni-prsten.hr\/portal\/zasticena-podrucja\/brezuljak-kod-smerovisca\/#primaryimage"},"datePublished":"2021-11-14T11:47:14+00:00","dateModified":"2022-03-07T12:49:58+00:00","breadcrumb":{"@id":"https:\/\/zeleni-prsten.hr\/portal\/zasticena-podrucja\/brezuljak-kod-smerovisca\/#breadcrumb"},"inLanguage":"hr","potentialAction":[{"@type":"ReadAction","target":["https:\/\/zeleni-prsten.hr\/portal\/zasticena-podrucja\/brezuljak-kod-smerovisca\/"]}]},{"@type":"BreadcrumbList","@id":"https:\/\/zeleni-prsten.hr\/portal\/zasticena-podrucja\/brezuljak-kod-smerovisca\/#breadcrumb","itemListElement":[{"@type":"ListItem","position":1,"name":"Home","item":"https:\/\/zeleni-prsten.hr\/portal\/"},{"@type":"ListItem","position":2,"name":"Za\u0161ti\u0107ena podru\u010dja","item":"https:\/\/zeleni-prsten.hr\/portal\/zasticena-podrucja\/"},{"@type":"ListItem","position":3,"name":"Bre\u017euljak kod Smerovi\u0161\u0107a"}]}]}},"_links":{"self":[{"href":"https:\/\/zeleni-prsten.hr\/portal\/wp-json\/wp\/v2\/pages\/3899"}],"collection":[{"href":"https:\/\/zeleni-prsten.hr\/portal\/wp-json\/wp\/v2\/pages"}],"about":[{"href":"https:\/\/zeleni-prsten.hr\/portal\/wp-json\/wp\/v2\/types\/page"}],"author":[{"embeddable":true,"href":"https:\/\/zeleni-prsten.hr\/portal\/wp-json\/wp\/v2\/users\/1"}],"replies":[{"embeddable":true,"href":"https:\/\/zeleni-prsten.hr\/portal\/wp-json\/wp\/v2\/comments?post=3899"}],"version-history":[{"count":14,"href":"https:\/\/zeleni-prsten.hr\/portal\/wp-json\/wp\/v2\/pages\/3899\/revisions"}],"predecessor-version":[{"id":12064,"href":"https:\/\/zeleni-prsten.hr\/portal\/wp-json\/wp\/v2\/pages\/3899\/revisions\/12064"}],"up":[{"embeddable":true,"href":"https:\/\/zeleni-prsten.hr\/portal\/wp-json\/wp\/v2\/pages\/2509"}],"wp:featuredmedia":[{"embeddable":true,"href":"https:\/\/zeleni-prsten.hr\/portal\/wp-json\/wp\/v2\/media\/3445"}],"wp:attachment":[{"href":"https:\/\/zeleni-prsten.hr\/portal\/wp-json\/wp\/v2\/media?parent=3899"}],"curies":[{"name":"wp","href":"https:\/\/api.w.org\/{rel}","templated":true}]}}