{"id":3944,"date":"2021-11-14T13:31:47","date_gmt":"2021-11-14T12:31:47","guid":{"rendered":"https:\/\/zeleni-prsten.hr\/portal\/?page_id=3944"},"modified":"2023-03-01T08:59:29","modified_gmt":"2023-03-01T07:59:29","slug":"sava-strmec","status":"publish","type":"page","link":"https:\/\/zeleni-prsten.hr\/portal\/zasticena-podrucja\/sava-strmec\/","title":{"rendered":"Sava Strmec"},"content":{"rendered":"<p>[vc_row full_width=&#8221;stretch_row&#8221;][vc_column]<div class=\"ult-spacer spacer-69f73a614de67\" data-id=\"69f73a614de67\" data-height=\"75\" data-height-mobile=\"30\" data-height-tab=\"50\" data-height-tab-portrait=\"50\" data-height-mobile-landscape=\"20\" style=\"clear:both;display:block;\"><\/div>[\/vc_column][\/vc_row][vc_row full_width=&#8221;stretch_row&#8221;][vc_column][vc_column_text css=&#8221;.vc_custom_1677657567077{padding-top: 2rem !important;padding-bottom: 3rem !important;}&#8221;]Zapadno od Podsuseda, na desnoj i lijevoj obali Save, smjestio se posebni ornitolo\u0161ki rezervat Sava-Strmec, jedinstveno stani\u0161te brojnih vrsta ptica. Obraslo \u0161umom vrbe, crne topole, crne johe, poljskog jasena i gustom niskom vegetacijom, protkano brojnim kanalima i kanali\u0107ima, pje\u0161\u010danim i \u0161ljun\u010danim nanosima te mo\u010dvarnim livadama progla\u0161eno je posebnim rezervatom davne 1971. godine na povr\u0161ini od 269,92 ha.[\/vc_column_text][\/vc_column][\/vc_row][vc_row full_width=&#8221;stretch_row&#8221; bg_type=&#8221;image&#8221; parallax_style=&#8221;vcpb-vz-jquery&#8221; bg_image_new=&#8221;id^11264|url^https:\/\/zeleni-prsten.hr\/portal\/wp-content\/uploads\/2022\/02\/Foto-1.jpg|caption^null|alt^null|title^Foto 1|description^null&#8221;][vc_column width=&#8221;1\/3&#8243; css=&#8221;.vc_custom_1616094504001{background-color: rgba(0,0,0,0.6) !important;*background-color: rgb(0,0,0) !important;}&#8221;][vc_column_text]&nbsp;<\/p>\n<p>&nbsp;<\/p>\n<p>&nbsp;<\/p>\n<p>&nbsp;[\/vc_column_text][vc_column_text]<span style=\"color: #ffffff;\">Podru\u010dje ornitolo\u0161kog rezervata zna\u010dajno za seobu i gnije\u017e\u0111enje ptica. <\/span><\/p>\n<p>&nbsp;<\/p>\n<p>&nbsp;<\/p>\n<p>&nbsp;<\/p>\n<p>&nbsp;[\/vc_column_text][\/vc_column][vc_column width=&#8221;1\/3&#8243;][\/vc_column][vc_column width=&#8221;1\/3&#8243;][\/vc_column][\/vc_row][vc_row full_width=&#8221;stretch_row&#8221;][vc_column][vc_column_text css=&#8221;.vc_custom_1645643030806{padding-top: 2rem !important;padding-bottom: 3rem !important;}&#8221;]Ornitolo\u0161ki rezervat Sava-Strmec nije progla\u0161eno za\u0161ti\u0107enim zbog velike brojnosti ptica nego zbog prisustva ptica koje su relativno rijetke, a pogotovo u blizini velikog grada kao \u0161to je Zagreb. Istra\u017eivanjima je do danas zabilje\u017eeno vi\u0161e od 150 pti\u010djih vrsta, poput sivog sokola, kulika sljep\u010di\u0107a, vodomara, p\u010delarice, pupavca, sjenice mo\u0161njarke, slavuja, pjegave grmu\u0161e. Podru\u010dje je vrijedno stani\u0161te u europskim razmjerima za \u010detiri ugro\u017eene gnjezdarice: \u0161tekavca, malu prutku, bregunicu te kulika slijep\u010di\u0107a. Uz rijeku Savu pojavljuju se rijetke i ugro\u017eene preletnice buko\u010d, crvena lunja i bijeli ronac te zimovalice \u0161ljuka, prutka migavica, crnokrila prutka i koko\u0161ica.[\/vc_column_text][\/vc_column][\/vc_row][vc_row full_width=&#8221;stretch_row&#8221; bg_type=&#8221;image&#8221; parallax_style=&#8221;vcpb-vz-jquery&#8221; bg_image_new=&#8221;id^11265|url^https:\/\/zeleni-prsten.hr\/portal\/wp-content\/uploads\/2022\/02\/Sjenica-mosnjarka-Tomica-Rubinic-Large.jpg|caption^null|alt^null|title^Sjenica mo\u0161njarka-Tomica Rubini\u0107 (Large)|description^null&#8221;][vc_column width=&#8221;1\/3&#8243; css=&#8221;.vc_custom_1616094504001{background-color: rgba(0,0,0,0.6) !important;*background-color: rgb(0,0,0) !important;}&#8221;][vc_column_text]&nbsp;<\/p>\n<p>&nbsp;<\/p>\n<p>&nbsp;[\/vc_column_text][vc_custom_heading text=&#8221;Jeste li znali?&#8221; font_container=&#8221;tag:h2|text_align:center|color:%23ffffff&#8221;][vc_column_text]<span style=\"color: #ffffff;\">Budu\u0107i da je materijal za izradu gnijezda dragocjen, ponekad se dogodi da sjenice mo\u0161njarke kradu materijal sa susjednih gnijezda.<\/span><\/p>\n<p>&nbsp;<\/p>\n<p>&nbsp;[\/vc_column_text][\/vc_column][vc_column width=&#8221;1\/3&#8243;][\/vc_column][vc_column width=&#8221;1\/3&#8243;][\/vc_column][\/vc_row][vc_row full_width=&#8221;stretch_row&#8221;][vc_column][vc_column_text css=&#8221;.vc_custom_1645643052223{padding-top: 2rem !important;padding-bottom: 3rem !important;}&#8221;]Naro\u010ditu vrijednost ovog podru\u010dja predstavlja gnije\u017e\u0111enje rijetke vrste sjenice mo\u0161njarke koja gradi specifi\u010dna vre\u0107asta gnijezda du\u017eine 30-tak cm. Nastanjuju podru\u010dja uz rubove rijeka, bara i jezera, obala obraslih vrbama ili topolama sa sastojinama rogoza i trske. Hrane se malim beskralje\u017enjacima, uglavnom paucima, kukcima i njihovim li\u010dinkama, a zimi sjemenkama trske, vrbe i topole.<br \/>\nNjihova vise\u0107a gnijezda na stablima prava su mala graditeljska remek-djela. Po povratku sa zimovanja, mu\u017ejak zapo\u010dinje izradu slo\u017eenog gnijezda od dla\u010dica cvjetova trske, vrbe i topole. Kada procjeni njegovo umije\u0107e, pridru\u017euje mu se i \u017eenka te nakon nekoliko tjedana gnijezdo poprima zavr\u0161nu formu vre\u0107e pri\u010dvr\u0161\u0107ene na tanku gran\u010dicu vrbe ili topole.[\/vc_column_text][\/vc_column][\/vc_row][vc_row full_width=&#8221;stretch_row&#8221; bg_type=&#8221;image&#8221; parallax_style=&#8221;vcpb-vz-jquery&#8221; bg_image_new=&#8221;id^11270|url^https:\/\/zeleni-prsten.hr\/portal\/wp-content\/uploads\/2022\/02\/Foto-2.jpg|caption^null|alt^null|title^Foto 2|description^null&#8221;][vc_column width=&#8221;1\/3&#8243; css=&#8221;.vc_custom_1616094504001{background-color: rgba(0,0,0,0.6) !important;*background-color: rgb(0,0,0) !important;}&#8221;][vc_column_text][\/vc_column_text][vc_custom_heading text=&#8221;Jeste li znali?&#8221; font_container=&#8221;tag:h2|text_align:center|color:%23ffffff&#8221;][vc_column_text]<span style=\"color: #ffffff;\">Na podru\u010dju rezervata i oko njega gnijezde se ugro\u017eene vrste ptica poput \u0161tekavca, crne rode i bregunice, koje to nisu \u010dinile u vrijeme progla\u0161enja rezervata, \u0161to nam je najva\u017enija potvrda vrijednosti i potrebe o\u010duvanja rezervata.<\/span><\/p>\n<p>&nbsp;[\/vc_column_text][\/vc_column][vc_column width=&#8221;1\/3&#8243;][\/vc_column][vc_column width=&#8221;1\/3&#8243;][\/vc_column][\/vc_row][vc_row full_width=&#8221;stretch_row&#8221;][vc_column][vc_column_text css=&#8221;.vc_custom_1645643080314{padding-top: 2rem !important;padding-bottom: 3rem !important;}&#8221;]Na podru\u010dju Posebnog ornitolo\u0161kog rezervata Sava-Strmec prisutna su ugro\u017eena i rijetka stani\u0161ta poplavnih \u0161uma crne johe i poljskog jasena te poplavne \u0161ume vrba. Ovakve \u0161ume srednjoeuropskih vodenih tokova ni\u017eih polo\u017eaja formirane su na tlima koja su periodi\u010dno plavljena tijekom godi\u0161njeg visokog vodostaja rijeka, ali su ina\u010de dobro ocije\u0111ena i prozra\u010dna u vrijeme niskog vodostaja.<br \/>\nUpravo je vrijednost ovog podru\u010dja u tome \u0161to se promjena hidrografskih uvjeta zadnjih desetlje\u0107a dogodila svugdje nizvodno uz rijeku Savu, a od kojih su mnoga meliorirana i urbanizirana te je podru\u010dje rezervata Sava-Strmec postalo uto\u010diste za brojne ptice gnjezdarice, selice, zimovalice i preletnice.[\/vc_column_text][\/vc_column][\/vc_row][vc_row full_width=&#8221;stretch_row&#8221; bg_type=&#8221;bg_color&#8221; bg_color_value=&#8221;#ffffff&#8221;][vc_column]<div class=\"ult-spacer spacer-69f73a614de81\" data-id=\"69f73a614de81\" data-height=\"100\" data-height-mobile=\"40\" data-height-tab=\"80\" data-height-tab-portrait=\"80\" data-height-mobile-landscape=\"30\" style=\"clear:both;display:block;\"><\/div>[vc_masonry_media_grid item=&#8221;masonryMedia_BorderedScale&#8221; initial_loading_animation=&#8221;fadeIn&#8221; grid_id=&#8221;vc_gid:1677657555085-9911efdb-4062-4&#8243; include=&#8221;11688,3954,3947,11492,11687,3946,11456,3953,11152,4116,3955,3945&#8243;][\/vc_column][\/vc_row][vc_row][vc_column][vc_text_separator title=&#8221;Istra\u017ei i do\u017eivi!&#8221; color=&#8221;sandy_brown&#8221; style=&#8221;double&#8221; el_width=&#8221;80&#8243; css_animation=&#8221;fadeIn&#8221;]<div class=\"ult-spacer spacer-69f73a614de92\" data-id=\"69f73a614de92\" data-height=\"40\" data-height-mobile=\"20\" data-height-tab=\"30\" data-height-tab-portrait=\"30\" data-height-mobile-landscape=\"20\" style=\"clear:both;display:block;\"><\/div>[vc_masonry_grid post_type=&#8221;ids&#8221; style=&#8221;lazy&#8221; items_per_page=&#8221;2&#8243; element_width=&#8221;6&#8243; item=&#8221;masonryGrid_FadeIn&#8221; initial_loading_animation=&#8221;fadeIn&#8221; grid_id=&#8221;vc_gid:1677657555086-79381c64-1a28-9&#8243; include=&#8221;3410, 4050&#8243;]<div class=\"ult-spacer spacer-69f73a614de9c\" data-id=\"69f73a614de9c\" data-height=\"100\" data-height-mobile=\"25\" data-height-tab=\"70\" data-height-tab-portrait=\"50\" data-height-mobile-landscape=\"30\" style=\"clear:both;display:block;\"><\/div>[\/vc_column][\/vc_row]<\/p>\n","protected":false},"excerpt":{"rendered":"<p>[vc_row full_width=&#8221;stretch_row&#8221;][vc_column][\/vc_column][\/vc_row][vc_row full_width=&#8221;stretch_row&#8221;][vc_column][vc_column_text css=&#8221;.vc_custom_1677657567077{padding-top: 2rem !important;padding-bottom: 3rem !important;}&#8221;]Zapadno od Podsuseda, na desnoj i lijevoj obali Save, smjestio se posebni ornitolo\u0161ki rezervat Sava-Strmec, jedinstveno stani\u0161te brojnih vrsta ptica. Obraslo \u0161umom vrbe, crne topole, crne johe, poljskog jasena i gustom niskom vegetacijom, [&hellip;]<\/p>\n","protected":false},"author":1,"featured_media":11229,"parent":2509,"menu_order":6,"comment_status":"closed","ping_status":"closed","template":"","meta":{"ngg_post_thumbnail":0},"yoast_head":"<!-- This site is optimized with the Yoast SEO plugin v18.4.1 - https:\/\/yoast.com\/wordpress\/plugins\/seo\/ -->\n<title>Sava Strmec - JU Zeleni prsten Zagreba\u010dke \u017eupanije<\/title>\n<meta name=\"robots\" content=\"index, follow, max-snippet:-1, max-image-preview:large, max-video-preview:-1\" \/>\n<link rel=\"canonical\" href=\"https:\/\/zeleni-prsten.hr\/portal\/zasticena-podrucja\/sava-strmec\/\" \/>\n<meta property=\"og:locale\" content=\"hr_HR\" \/>\n<meta property=\"og:type\" content=\"article\" \/>\n<meta property=\"og:title\" content=\"Sava Strmec - JU Zeleni prsten Zagreba\u010dke \u017eupanije\" \/>\n<meta property=\"og:description\" content=\"[vc_row full_width=&#8221;stretch_row&#8221;][vc_column][\/vc_column][\/vc_row][vc_row full_width=&#8221;stretch_row&#8221;][vc_column][vc_column_text css=&#8221;.vc_custom_1677657567077{padding-top: 2rem !important;padding-bottom: 3rem !important;}&#8221;]Zapadno od Podsuseda, na desnoj i lijevoj obali Save, smjestio se posebni ornitolo\u0161ki rezervat Sava-Strmec, jedinstveno stani\u0161te brojnih vrsta ptica. Obraslo \u0161umom vrbe, crne topole, crne johe, poljskog jasena i gustom niskom vegetacijom, [&hellip;]\" \/>\n<meta property=\"og:url\" content=\"https:\/\/zeleni-prsten.hr\/portal\/zasticena-podrucja\/sava-strmec\/\" \/>\n<meta property=\"og:site_name\" content=\"JU Zeleni prsten Zagreba\u010dke \u017eupanije\" \/>\n<meta property=\"article:modified_time\" content=\"2023-03-01T07:59:29+00:00\" \/>\n<meta property=\"og:image\" content=\"https:\/\/zeleni-prsten.hr\/portal\/wp-content\/uploads\/2022\/02\/Sava-uzvodno-od-Zagreba.jpg\" \/>\n\t<meta property=\"og:image:width\" content=\"1621\" \/>\n\t<meta property=\"og:image:height\" content=\"1080\" \/>\n\t<meta property=\"og:image:type\" content=\"image\/jpeg\" \/>\n<meta name=\"twitter:card\" content=\"summary_large_image\" \/>\n<meta name=\"twitter:label1\" content=\"Procijenjeno vrijeme \u010ditanja\" \/>\n\t<meta name=\"twitter:data1\" content=\"3 minute\" \/>\n<script type=\"application\/ld+json\" class=\"yoast-schema-graph\">{\"@context\":\"https:\/\/schema.org\",\"@graph\":[{\"@type\":\"WebSite\",\"@id\":\"https:\/\/zeleni-prsten.hr\/portal\/#website\",\"url\":\"https:\/\/zeleni-prsten.hr\/portal\/\",\"name\":\"JU Zeleni prsten Zagreba\u010dke \u017eupanije\",\"description\":\"JU Zeleni prsten Zagreba\u010dke \u017eupanije\",\"potentialAction\":[{\"@type\":\"SearchAction\",\"target\":{\"@type\":\"EntryPoint\",\"urlTemplate\":\"https:\/\/zeleni-prsten.hr\/portal\/?s={search_term_string}\"},\"query-input\":\"required name=search_term_string\"}],\"inLanguage\":\"hr\"},{\"@type\":\"ImageObject\",\"@id\":\"https:\/\/zeleni-prsten.hr\/portal\/zasticena-podrucja\/sava-strmec\/#primaryimage\",\"inLanguage\":\"hr\",\"url\":\"https:\/\/zeleni-prsten.hr\/portal\/wp-content\/uploads\/2022\/02\/Sava-uzvodno-od-Zagreba.jpg\",\"contentUrl\":\"https:\/\/zeleni-prsten.hr\/portal\/wp-content\/uploads\/2022\/02\/Sava-uzvodno-od-Zagreba.jpg\",\"width\":1621,\"height\":1080},{\"@type\":\"WebPage\",\"@id\":\"https:\/\/zeleni-prsten.hr\/portal\/zasticena-podrucja\/sava-strmec\/#webpage\",\"url\":\"https:\/\/zeleni-prsten.hr\/portal\/zasticena-podrucja\/sava-strmec\/\",\"name\":\"Sava Strmec - JU Zeleni prsten Zagreba\u010dke \u017eupanije\",\"isPartOf\":{\"@id\":\"https:\/\/zeleni-prsten.hr\/portal\/#website\"},\"primaryImageOfPage\":{\"@id\":\"https:\/\/zeleni-prsten.hr\/portal\/zasticena-podrucja\/sava-strmec\/#primaryimage\"},\"datePublished\":\"2021-11-14T12:31:47+00:00\",\"dateModified\":\"2023-03-01T07:59:29+00:00\",\"breadcrumb\":{\"@id\":\"https:\/\/zeleni-prsten.hr\/portal\/zasticena-podrucja\/sava-strmec\/#breadcrumb\"},\"inLanguage\":\"hr\",\"potentialAction\":[{\"@type\":\"ReadAction\",\"target\":[\"https:\/\/zeleni-prsten.hr\/portal\/zasticena-podrucja\/sava-strmec\/\"]}]},{\"@type\":\"BreadcrumbList\",\"@id\":\"https:\/\/zeleni-prsten.hr\/portal\/zasticena-podrucja\/sava-strmec\/#breadcrumb\",\"itemListElement\":[{\"@type\":\"ListItem\",\"position\":1,\"name\":\"Home\",\"item\":\"https:\/\/zeleni-prsten.hr\/portal\/\"},{\"@type\":\"ListItem\",\"position\":2,\"name\":\"Za\u0161ti\u0107ena podru\u010dja\",\"item\":\"https:\/\/zeleni-prsten.hr\/portal\/zasticena-podrucja\/\"},{\"@type\":\"ListItem\",\"position\":3,\"name\":\"Sava Strmec\"}]}]}<\/script>\n<!-- \/ Yoast SEO plugin. -->","yoast_head_json":{"title":"Sava Strmec - JU Zeleni prsten Zagreba\u010dke \u017eupanije","robots":{"index":"index","follow":"follow","max-snippet":"max-snippet:-1","max-image-preview":"max-image-preview:large","max-video-preview":"max-video-preview:-1"},"canonical":"https:\/\/zeleni-prsten.hr\/portal\/zasticena-podrucja\/sava-strmec\/","og_locale":"hr_HR","og_type":"article","og_title":"Sava Strmec - JU Zeleni prsten Zagreba\u010dke \u017eupanije","og_description":"[vc_row full_width=&#8221;stretch_row&#8221;][vc_column][\/vc_column][\/vc_row][vc_row full_width=&#8221;stretch_row&#8221;][vc_column][vc_column_text css=&#8221;.vc_custom_1677657567077{padding-top: 2rem !important;padding-bottom: 3rem !important;}&#8221;]Zapadno od Podsuseda, na desnoj i lijevoj obali Save, smjestio se posebni ornitolo\u0161ki rezervat Sava-Strmec, jedinstveno stani\u0161te brojnih vrsta ptica. Obraslo \u0161umom vrbe, crne topole, crne johe, poljskog jasena i gustom niskom vegetacijom, [&hellip;]","og_url":"https:\/\/zeleni-prsten.hr\/portal\/zasticena-podrucja\/sava-strmec\/","og_site_name":"JU Zeleni prsten Zagreba\u010dke \u017eupanije","article_modified_time":"2023-03-01T07:59:29+00:00","og_image":[{"width":1621,"height":1080,"url":"https:\/\/zeleni-prsten.hr\/portal\/wp-content\/uploads\/2022\/02\/Sava-uzvodno-od-Zagreba.jpg","type":"image\/jpeg"}],"twitter_card":"summary_large_image","twitter_misc":{"Procijenjeno vrijeme \u010ditanja":"3 minute"},"schema":{"@context":"https:\/\/schema.org","@graph":[{"@type":"WebSite","@id":"https:\/\/zeleni-prsten.hr\/portal\/#website","url":"https:\/\/zeleni-prsten.hr\/portal\/","name":"JU Zeleni prsten Zagreba\u010dke \u017eupanije","description":"JU Zeleni prsten Zagreba\u010dke \u017eupanije","potentialAction":[{"@type":"SearchAction","target":{"@type":"EntryPoint","urlTemplate":"https:\/\/zeleni-prsten.hr\/portal\/?s={search_term_string}"},"query-input":"required name=search_term_string"}],"inLanguage":"hr"},{"@type":"ImageObject","@id":"https:\/\/zeleni-prsten.hr\/portal\/zasticena-podrucja\/sava-strmec\/#primaryimage","inLanguage":"hr","url":"https:\/\/zeleni-prsten.hr\/portal\/wp-content\/uploads\/2022\/02\/Sava-uzvodno-od-Zagreba.jpg","contentUrl":"https:\/\/zeleni-prsten.hr\/portal\/wp-content\/uploads\/2022\/02\/Sava-uzvodno-od-Zagreba.jpg","width":1621,"height":1080},{"@type":"WebPage","@id":"https:\/\/zeleni-prsten.hr\/portal\/zasticena-podrucja\/sava-strmec\/#webpage","url":"https:\/\/zeleni-prsten.hr\/portal\/zasticena-podrucja\/sava-strmec\/","name":"Sava Strmec - JU Zeleni prsten Zagreba\u010dke \u017eupanije","isPartOf":{"@id":"https:\/\/zeleni-prsten.hr\/portal\/#website"},"primaryImageOfPage":{"@id":"https:\/\/zeleni-prsten.hr\/portal\/zasticena-podrucja\/sava-strmec\/#primaryimage"},"datePublished":"2021-11-14T12:31:47+00:00","dateModified":"2023-03-01T07:59:29+00:00","breadcrumb":{"@id":"https:\/\/zeleni-prsten.hr\/portal\/zasticena-podrucja\/sava-strmec\/#breadcrumb"},"inLanguage":"hr","potentialAction":[{"@type":"ReadAction","target":["https:\/\/zeleni-prsten.hr\/portal\/zasticena-podrucja\/sava-strmec\/"]}]},{"@type":"BreadcrumbList","@id":"https:\/\/zeleni-prsten.hr\/portal\/zasticena-podrucja\/sava-strmec\/#breadcrumb","itemListElement":[{"@type":"ListItem","position":1,"name":"Home","item":"https:\/\/zeleni-prsten.hr\/portal\/"},{"@type":"ListItem","position":2,"name":"Za\u0161ti\u0107ena podru\u010dja","item":"https:\/\/zeleni-prsten.hr\/portal\/zasticena-podrucja\/"},{"@type":"ListItem","position":3,"name":"Sava Strmec"}]}]}},"_links":{"self":[{"href":"https:\/\/zeleni-prsten.hr\/portal\/wp-json\/wp\/v2\/pages\/3944"}],"collection":[{"href":"https:\/\/zeleni-prsten.hr\/portal\/wp-json\/wp\/v2\/pages"}],"about":[{"href":"https:\/\/zeleni-prsten.hr\/portal\/wp-json\/wp\/v2\/types\/page"}],"author":[{"embeddable":true,"href":"https:\/\/zeleni-prsten.hr\/portal\/wp-json\/wp\/v2\/users\/1"}],"replies":[{"embeddable":true,"href":"https:\/\/zeleni-prsten.hr\/portal\/wp-json\/wp\/v2\/comments?post=3944"}],"version-history":[{"count":17,"href":"https:\/\/zeleni-prsten.hr\/portal\/wp-json\/wp\/v2\/pages\/3944\/revisions"}],"predecessor-version":[{"id":14252,"href":"https:\/\/zeleni-prsten.hr\/portal\/wp-json\/wp\/v2\/pages\/3944\/revisions\/14252"}],"up":[{"embeddable":true,"href":"https:\/\/zeleni-prsten.hr\/portal\/wp-json\/wp\/v2\/pages\/2509"}],"wp:featuredmedia":[{"embeddable":true,"href":"https:\/\/zeleni-prsten.hr\/portal\/wp-json\/wp\/v2\/media\/11229"}],"wp:attachment":[{"href":"https:\/\/zeleni-prsten.hr\/portal\/wp-json\/wp\/v2\/media?parent=3944"}],"curies":[{"name":"wp","href":"https:\/\/api.w.org\/{rel}","templated":true}]}}