{"id":3969,"date":"2021-11-14T13:46:24","date_gmt":"2021-11-14T12:46:24","guid":{"rendered":"https:\/\/zeleni-prsten.hr\/portal\/?page_id=3969"},"modified":"2022-03-14T23:08:20","modified_gmt":"2022-03-14T22:08:20","slug":"stupnicki-lug","status":"publish","type":"page","link":"https:\/\/zeleni-prsten.hr\/portal\/zasticena-podrucja\/stupnicki-lug\/","title":{"rendered":"Stupni\u010dki lug"},"content":{"rendered":"<p>[vc_row full_width=&#8221;stretch_row&#8221;][vc_column]<div class=\"ult-spacer spacer-69d0bec37ad0b\" data-id=\"69d0bec37ad0b\" data-height=\"75\" data-height-mobile=\"30\" data-height-tab=\"50\" data-height-tab-portrait=\"50\" data-height-mobile-landscape=\"20\" style=\"clear:both;display:block;\"><\/div>[\/vc_column][\/vc_row][vc_row full_width=&#8221;stretch_row&#8221;][vc_column][vc_column_text css=&#8221;.vc_custom_1645791538939{padding-top: 2rem !important;padding-bottom: 3rem !important;}&#8221;]Stupni\u010dki lug za\u0161ti\u0107en je 1964. godine kao posebni rezervat \u0161umske vegetacije. Rezervat se nalazi oko 15 km jugozapadno od sredi\u0161ta Zagreba, a obuhva\u0107a povr\u0161inu od 19,03 ha. Zna\u010denje ovog podru\u010dja je u tome \u0161to su se zadr\u017eala osnovna obilje\u017eja autohtone \u0161ume hrasta lu\u017enjaka, koja spada me\u0111u najstarije sastojine te vrste u Hrvatskoj. S obzirom na autohtonost i starost hrasta lu\u017enjaka Stupni\u010dki lug ima veliku znanstvenu vrijednost za komparativna istra\u017eivanja u \u0161umarstvu, a ujedno je idealno podru\u010dje za boravak u prirodi &#8211; \u0161etnju, vo\u017enju biciklom, fotografiranje\u2026[\/vc_column_text][\/vc_column][\/vc_row][vc_row full_width=&#8221;stretch_row&#8221; bg_type=&#8221;image&#8221; parallax_style=&#8221;vcpb-vz-jquery&#8221; bg_image_new=&#8221;id^11341|url^https:\/\/zeleni-prsten.hr\/portal\/wp-content\/uploads\/2022\/02\/mirisljavi-samotar.jpg|caption^null|alt^null|title^mirisljavi samotar|description^null&#8221;][vc_column width=&#8221;1\/3&#8243; css=&#8221;.vc_custom_1616094504001{background-color: rgba(0,0,0,0.6) !important;*background-color: rgb(0,0,0) !important;}&#8221;][vc_custom_heading text=&#8221;Nepoznato o poznatome&#8221; font_container=&#8221;tag:h2|text_align:center|color:%23ffffff&#8221;][vc_column_text]&nbsp;<\/p>\n<p>&nbsp;<\/p>\n<p>&nbsp;<\/p>\n<p><span style=\"color: #ffffff;\">Miri\u0161ljavi samotar je vrsta kornja\u0161a \u010diji opstanak ovisi o prisutnosti mrtvog i umiru\u0107eg drva.<\/span><\/p>\n<p>&nbsp;<\/p>\n<p>&nbsp;<\/p>\n<p>&nbsp;[\/vc_column_text][\/vc_column][vc_column width=&#8221;1\/3&#8243;][\/vc_column][vc_column width=&#8221;1\/3&#8243;][\/vc_column][\/vc_row][vc_row full_width=&#8221;stretch_row&#8221; css=&#8221;.vc_custom_1636891230821{background-color: #ffffff !important;}&#8221;][vc_column][vc_column_text]<span style=\"color: #000000;\">Za ovu vrstu je specifi\u010dno da se li\u010dinke razvijaju u dupljama bjelogori\u010dnih stabala. Kako se duplje uglavnom razvijaju tek u vrlo starim stablima, a stabla u \u0161umarstvu se uglavnom sijeku prije nego se duplje razviju, ova vrsta je prili\u010dno rijetka, ali i nedovoljno poznata. Li\u010dinkama je za razvoj do odrasle jedinke potrebno izme\u0111u dvije i \u010detiri godine, a odrasle jedinke \u017eive svega 10 \u2013 90 dana. Uglavnom se kre\u0107u na udaljenosti do 250 metara od duplje. Na razini Europe ima status ugro\u017eenosti NT (gotovo ugro\u017eena), a tako\u0111er se nalazi i na dodacima II i IV Direktive o stani\u0161tima.<\/span>[\/vc_column_text][vc_custom_heading text=&#8221;Jeste li znali?&#8221;][vc_column_text]Lu\u017enjakovo-grabova \u0161uma sa zna\u010dajnim udjelom bukve reliktna je zajednica koja uspijeva u fragmentima u svega pedesetak nizinskih lokaliteta u Hrvatskoj. Jedan od ovih najpoznatijih lokaliteta upravo je Stupni\u010dki lug.[\/vc_column_text][\/vc_column][\/vc_row][vc_row full_width=&#8221;stretch_row&#8221; bg_type=&#8221;bg_color&#8221; bg_color_value=&#8221;#ffffff&#8221;][vc_column][vc_masonry_media_grid item=&#8221;mediaGrid_Default&#8221; initial_loading_animation=&#8221;fadeIn&#8221; grid_id=&#8221;vc_gid:1647295645816-d1065980-45fc-2&#8243; include=&#8221;3970,3971,3972,3973,3974,3975,3976&#8243;][\/vc_column][\/vc_row][vc_row][vc_column][vc_text_separator title=&#8221;Istra\u017ei i do\u017eivi!&#8221; color=&#8221;sandy_brown&#8221; style=&#8221;double&#8221; el_width=&#8221;80&#8243; css_animation=&#8221;fadeIn&#8221;]<div class=\"ult-spacer spacer-69d0bec37ad23\" data-id=\"69d0bec37ad23\" data-height=\"40\" data-height-mobile=\"20\" data-height-tab=\"30\" data-height-tab-portrait=\"30\" data-height-mobile-landscape=\"20\" style=\"clear:both;display:block;\"><\/div>[vc_masonry_grid post_type=&#8221;ids&#8221; style=&#8221;lazy&#8221; items_per_page=&#8221;2&#8243; element_width=&#8221;6&#8243; item=&#8221;masonryGrid_FadeIn&#8221; initial_loading_animation=&#8221;fadeIn&#8221; grid_id=&#8221;vc_gid:1647295645818-b40cdbea-3d1b-9&#8243; include=&#8221;3410, 3944&#8243;]<div class=\"ult-spacer spacer-69d0bec37ad32\" data-id=\"69d0bec37ad32\" data-height=\"100\" data-height-mobile=\"25\" data-height-tab=\"70\" data-height-tab-portrait=\"50\" data-height-mobile-landscape=\"30\" style=\"clear:both;display:block;\"><\/div>[\/vc_column][\/vc_row]<\/p>\n","protected":false},"excerpt":{"rendered":"<p>[vc_row full_width=&#8221;stretch_row&#8221;][vc_column][\/vc_column][\/vc_row][vc_row full_width=&#8221;stretch_row&#8221;][vc_column][vc_column_text css=&#8221;.vc_custom_1645791538939{padding-top: 2rem !important;padding-bottom: 3rem !important;}&#8221;]Stupni\u010dki lug za\u0161ti\u0107en je 1964. godine kao posebni rezervat \u0161umske vegetacije. Rezervat se nalazi oko 15 km jugozapadno od sredi\u0161ta Zagreba, a obuhva\u0107a povr\u0161inu od 19,03 ha. Zna\u010denje ovog podru\u010dja je u tome [&hellip;]<\/p>\n","protected":false},"author":1,"featured_media":11230,"parent":2509,"menu_order":9,"comment_status":"closed","ping_status":"closed","template":"","meta":{"ngg_post_thumbnail":0},"yoast_head":"<!-- This site is optimized with the Yoast SEO plugin v18.4.1 - https:\/\/yoast.com\/wordpress\/plugins\/seo\/ -->\n<title>Stupni\u010dki lug - JU Zeleni prsten Zagreba\u010dke \u017eupanije<\/title>\n<meta name=\"robots\" content=\"index, follow, max-snippet:-1, max-image-preview:large, max-video-preview:-1\" \/>\n<link rel=\"canonical\" href=\"https:\/\/zeleni-prsten.hr\/portal\/zasticena-podrucja\/stupnicki-lug\/\" \/>\n<meta property=\"og:locale\" content=\"hr_HR\" \/>\n<meta property=\"og:type\" content=\"article\" \/>\n<meta property=\"og:title\" content=\"Stupni\u010dki lug - JU Zeleni prsten Zagreba\u010dke \u017eupanije\" \/>\n<meta property=\"og:description\" content=\"[vc_row full_width=&#8221;stretch_row&#8221;][vc_column][\/vc_column][\/vc_row][vc_row full_width=&#8221;stretch_row&#8221;][vc_column][vc_column_text css=&#8221;.vc_custom_1645791538939{padding-top: 2rem !important;padding-bottom: 3rem !important;}&#8221;]Stupni\u010dki lug za\u0161ti\u0107en je 1964. godine kao posebni rezervat \u0161umske vegetacije. Rezervat se nalazi oko 15 km jugozapadno od sredi\u0161ta Zagreba, a obuhva\u0107a povr\u0161inu od 19,03 ha. Zna\u010denje ovog podru\u010dja je u tome [&hellip;]\" \/>\n<meta property=\"og:url\" content=\"https:\/\/zeleni-prsten.hr\/portal\/zasticena-podrucja\/stupnicki-lug\/\" \/>\n<meta property=\"og:site_name\" content=\"JU Zeleni prsten Zagreba\u010dke \u017eupanije\" \/>\n<meta property=\"article:modified_time\" content=\"2022-03-14T22:08:20+00:00\" \/>\n<meta property=\"og:image\" content=\"https:\/\/zeleni-prsten.hr\/portal\/wp-content\/uploads\/2022\/02\/Stupnicki-lug.jpg\" \/>\n\t<meta property=\"og:image:width\" content=\"1620\" \/>\n\t<meta property=\"og:image:height\" content=\"1080\" \/>\n\t<meta property=\"og:image:type\" content=\"image\/jpeg\" \/>\n<meta name=\"twitter:card\" content=\"summary_large_image\" \/>\n<meta name=\"twitter:label1\" content=\"Procijenjeno vrijeme \u010ditanja\" \/>\n\t<meta name=\"twitter:data1\" content=\"3 minute\" \/>\n<script type=\"application\/ld+json\" class=\"yoast-schema-graph\">{\"@context\":\"https:\/\/schema.org\",\"@graph\":[{\"@type\":\"WebSite\",\"@id\":\"https:\/\/zeleni-prsten.hr\/portal\/#website\",\"url\":\"https:\/\/zeleni-prsten.hr\/portal\/\",\"name\":\"JU Zeleni prsten Zagreba\u010dke \u017eupanije\",\"description\":\"JU Zeleni prsten Zagreba\u010dke \u017eupanije\",\"potentialAction\":[{\"@type\":\"SearchAction\",\"target\":{\"@type\":\"EntryPoint\",\"urlTemplate\":\"https:\/\/zeleni-prsten.hr\/portal\/?s={search_term_string}\"},\"query-input\":\"required name=search_term_string\"}],\"inLanguage\":\"hr\"},{\"@type\":\"ImageObject\",\"@id\":\"https:\/\/zeleni-prsten.hr\/portal\/zasticena-podrucja\/stupnicki-lug\/#primaryimage\",\"inLanguage\":\"hr\",\"url\":\"https:\/\/zeleni-prsten.hr\/portal\/wp-content\/uploads\/2022\/02\/Stupnicki-lug.jpg\",\"contentUrl\":\"https:\/\/zeleni-prsten.hr\/portal\/wp-content\/uploads\/2022\/02\/Stupnicki-lug.jpg\",\"width\":1620,\"height\":1080},{\"@type\":\"WebPage\",\"@id\":\"https:\/\/zeleni-prsten.hr\/portal\/zasticena-podrucja\/stupnicki-lug\/#webpage\",\"url\":\"https:\/\/zeleni-prsten.hr\/portal\/zasticena-podrucja\/stupnicki-lug\/\",\"name\":\"Stupni\u010dki lug - JU Zeleni prsten Zagreba\u010dke \u017eupanije\",\"isPartOf\":{\"@id\":\"https:\/\/zeleni-prsten.hr\/portal\/#website\"},\"primaryImageOfPage\":{\"@id\":\"https:\/\/zeleni-prsten.hr\/portal\/zasticena-podrucja\/stupnicki-lug\/#primaryimage\"},\"datePublished\":\"2021-11-14T12:46:24+00:00\",\"dateModified\":\"2022-03-14T22:08:20+00:00\",\"breadcrumb\":{\"@id\":\"https:\/\/zeleni-prsten.hr\/portal\/zasticena-podrucja\/stupnicki-lug\/#breadcrumb\"},\"inLanguage\":\"hr\",\"potentialAction\":[{\"@type\":\"ReadAction\",\"target\":[\"https:\/\/zeleni-prsten.hr\/portal\/zasticena-podrucja\/stupnicki-lug\/\"]}]},{\"@type\":\"BreadcrumbList\",\"@id\":\"https:\/\/zeleni-prsten.hr\/portal\/zasticena-podrucja\/stupnicki-lug\/#breadcrumb\",\"itemListElement\":[{\"@type\":\"ListItem\",\"position\":1,\"name\":\"Home\",\"item\":\"https:\/\/zeleni-prsten.hr\/portal\/\"},{\"@type\":\"ListItem\",\"position\":2,\"name\":\"Za\u0161ti\u0107ena podru\u010dja\",\"item\":\"https:\/\/zeleni-prsten.hr\/portal\/zasticena-podrucja\/\"},{\"@type\":\"ListItem\",\"position\":3,\"name\":\"Stupni\u010dki lug\"}]}]}<\/script>\n<!-- \/ Yoast SEO plugin. -->","yoast_head_json":{"title":"Stupni\u010dki lug - JU Zeleni prsten Zagreba\u010dke \u017eupanije","robots":{"index":"index","follow":"follow","max-snippet":"max-snippet:-1","max-image-preview":"max-image-preview:large","max-video-preview":"max-video-preview:-1"},"canonical":"https:\/\/zeleni-prsten.hr\/portal\/zasticena-podrucja\/stupnicki-lug\/","og_locale":"hr_HR","og_type":"article","og_title":"Stupni\u010dki lug - JU Zeleni prsten Zagreba\u010dke \u017eupanije","og_description":"[vc_row full_width=&#8221;stretch_row&#8221;][vc_column][\/vc_column][\/vc_row][vc_row full_width=&#8221;stretch_row&#8221;][vc_column][vc_column_text css=&#8221;.vc_custom_1645791538939{padding-top: 2rem !important;padding-bottom: 3rem !important;}&#8221;]Stupni\u010dki lug za\u0161ti\u0107en je 1964. godine kao posebni rezervat \u0161umske vegetacije. Rezervat se nalazi oko 15 km jugozapadno od sredi\u0161ta Zagreba, a obuhva\u0107a povr\u0161inu od 19,03 ha. Zna\u010denje ovog podru\u010dja je u tome [&hellip;]","og_url":"https:\/\/zeleni-prsten.hr\/portal\/zasticena-podrucja\/stupnicki-lug\/","og_site_name":"JU Zeleni prsten Zagreba\u010dke \u017eupanije","article_modified_time":"2022-03-14T22:08:20+00:00","og_image":[{"width":1620,"height":1080,"url":"https:\/\/zeleni-prsten.hr\/portal\/wp-content\/uploads\/2022\/02\/Stupnicki-lug.jpg","type":"image\/jpeg"}],"twitter_card":"summary_large_image","twitter_misc":{"Procijenjeno vrijeme \u010ditanja":"3 minute"},"schema":{"@context":"https:\/\/schema.org","@graph":[{"@type":"WebSite","@id":"https:\/\/zeleni-prsten.hr\/portal\/#website","url":"https:\/\/zeleni-prsten.hr\/portal\/","name":"JU Zeleni prsten Zagreba\u010dke \u017eupanije","description":"JU Zeleni prsten Zagreba\u010dke \u017eupanije","potentialAction":[{"@type":"SearchAction","target":{"@type":"EntryPoint","urlTemplate":"https:\/\/zeleni-prsten.hr\/portal\/?s={search_term_string}"},"query-input":"required name=search_term_string"}],"inLanguage":"hr"},{"@type":"ImageObject","@id":"https:\/\/zeleni-prsten.hr\/portal\/zasticena-podrucja\/stupnicki-lug\/#primaryimage","inLanguage":"hr","url":"https:\/\/zeleni-prsten.hr\/portal\/wp-content\/uploads\/2022\/02\/Stupnicki-lug.jpg","contentUrl":"https:\/\/zeleni-prsten.hr\/portal\/wp-content\/uploads\/2022\/02\/Stupnicki-lug.jpg","width":1620,"height":1080},{"@type":"WebPage","@id":"https:\/\/zeleni-prsten.hr\/portal\/zasticena-podrucja\/stupnicki-lug\/#webpage","url":"https:\/\/zeleni-prsten.hr\/portal\/zasticena-podrucja\/stupnicki-lug\/","name":"Stupni\u010dki lug - JU Zeleni prsten Zagreba\u010dke \u017eupanije","isPartOf":{"@id":"https:\/\/zeleni-prsten.hr\/portal\/#website"},"primaryImageOfPage":{"@id":"https:\/\/zeleni-prsten.hr\/portal\/zasticena-podrucja\/stupnicki-lug\/#primaryimage"},"datePublished":"2021-11-14T12:46:24+00:00","dateModified":"2022-03-14T22:08:20+00:00","breadcrumb":{"@id":"https:\/\/zeleni-prsten.hr\/portal\/zasticena-podrucja\/stupnicki-lug\/#breadcrumb"},"inLanguage":"hr","potentialAction":[{"@type":"ReadAction","target":["https:\/\/zeleni-prsten.hr\/portal\/zasticena-podrucja\/stupnicki-lug\/"]}]},{"@type":"BreadcrumbList","@id":"https:\/\/zeleni-prsten.hr\/portal\/zasticena-podrucja\/stupnicki-lug\/#breadcrumb","itemListElement":[{"@type":"ListItem","position":1,"name":"Home","item":"https:\/\/zeleni-prsten.hr\/portal\/"},{"@type":"ListItem","position":2,"name":"Za\u0161ti\u0107ena podru\u010dja","item":"https:\/\/zeleni-prsten.hr\/portal\/zasticena-podrucja\/"},{"@type":"ListItem","position":3,"name":"Stupni\u010dki lug"}]}]}},"_links":{"self":[{"href":"https:\/\/zeleni-prsten.hr\/portal\/wp-json\/wp\/v2\/pages\/3969"}],"collection":[{"href":"https:\/\/zeleni-prsten.hr\/portal\/wp-json\/wp\/v2\/pages"}],"about":[{"href":"https:\/\/zeleni-prsten.hr\/portal\/wp-json\/wp\/v2\/types\/page"}],"author":[{"embeddable":true,"href":"https:\/\/zeleni-prsten.hr\/portal\/wp-json\/wp\/v2\/users\/1"}],"replies":[{"embeddable":true,"href":"https:\/\/zeleni-prsten.hr\/portal\/wp-json\/wp\/v2\/comments?post=3969"}],"version-history":[{"count":19,"href":"https:\/\/zeleni-prsten.hr\/portal\/wp-json\/wp\/v2\/pages\/3969\/revisions"}],"predecessor-version":[{"id":12303,"href":"https:\/\/zeleni-prsten.hr\/portal\/wp-json\/wp\/v2\/pages\/3969\/revisions\/12303"}],"up":[{"embeddable":true,"href":"https:\/\/zeleni-prsten.hr\/portal\/wp-json\/wp\/v2\/pages\/2509"}],"wp:featuredmedia":[{"embeddable":true,"href":"https:\/\/zeleni-prsten.hr\/portal\/wp-json\/wp\/v2\/media\/11230"}],"wp:attachment":[{"href":"https:\/\/zeleni-prsten.hr\/portal\/wp-json\/wp\/v2\/media?parent=3969"}],"curies":[{"name":"wp","href":"https:\/\/api.w.org\/{rel}","templated":true}]}}