{"id":3978,"date":"2021-11-14T13:52:00","date_gmt":"2021-11-14T12:52:00","guid":{"rendered":"https:\/\/zeleni-prsten.hr\/portal\/?page_id=3978"},"modified":"2022-03-07T13:51:43","modified_gmt":"2022-03-07T12:51:43","slug":"varoski-lug","status":"publish","type":"page","link":"https:\/\/zeleni-prsten.hr\/portal\/zasticena-podrucja\/varoski-lug\/","title":{"rendered":"Varo\u0161ki lug"},"content":{"rendered":"<p>[vc_row full_width=&#8221;stretch_row&#8221;][vc_column]<div class=\"ult-spacer spacer-69f615b263907\" data-id=\"69f615b263907\" data-height=\"75\" data-height-mobile=\"30\" data-height-tab=\"50\" data-height-tab-portrait=\"50\" data-height-mobile-landscape=\"20\" style=\"clear:both;display:block;\"><\/div>[\/vc_column][\/vc_row][vc_row full_width=&#8221;stretch_row&#8221;][vc_column][vc_column_text css=&#8221;.vc_custom_1645784304410{padding-top: 2rem !important;padding-bottom: 3rem !important;}&#8221;]Posebni zoolo\u0161ki rezervat Varo\u0161ki lug progla\u0161eno je 1982. godine na povr\u0161ina 897,03 ha. Manji dio rezervata, na povr\u0161ini od 62.49 ha, progla\u0161en je 1988. godine i posebnim rezervatom \u0161umske vegetacije.<br \/>\nOvo je podru\u010dje osobito faunisti\u010dki zanimljivo jer u njemu obitavaju brojni predstavnici srednjoeuropske faune: jelen, srna, divlja svinja, divlja ma\u010dka, jazavac, kuna zlatica, lisica, lasica, tvor i dr. Podru\u010dje obiluje brojnim pti\u010djim vrstama, kao \u0161to su \u0161kanjac, eja mo\u010dvarica, veliki djetli\u0107, mali djetli\u0107, plavetna sjenica, crnoglava sjenica, brgljez i mnoge druge. Vrijednost ovog rezervata je u tome \u0161to se na tom prostoru gnijezde crna roda i orao \u0161tekavac.[\/vc_column_text][\/vc_column][\/vc_row][vc_row full_width=&#8221;stretch_row&#8221; bg_type=&#8221;image&#8221; parallax_style=&#8221;vcpb-vz-jquery&#8221; bg_image_new=&#8221;id^11406|url^https:\/\/zeleni-prsten.hr\/portal\/wp-content\/uploads\/2022\/02\/Foto-1-1.jpg|caption^null|alt^null|title^Foto 1|description^null&#8221;][vc_column width=&#8221;1\/3&#8243; css=&#8221;.vc_custom_1616094504001{background-color: rgba(0,0,0,0.6) !important;*background-color: rgb(0,0,0) !important;}&#8221;][vc_column_text]&nbsp;<\/p>\n<p>&nbsp;[\/vc_column_text][vc_column_text]<span style=\"color: #ffffff;\">Posebni rezervat \u0161umske vegetacije Varo\u0161ki lug tipi\u010dno je stani\u0161te \u0161ume hrasta lu\u017enjaka u kojem su zastupljene zajednice hrasta lu\u017enjaka i graba na gredama, a u nizinama \u0161ume hrasta lu\u017enjaka s velikom \u017eutilovkom i rastavljenim \u0161a\u0161em.<\/span><\/p>\n<p>&nbsp;<\/p>\n<p>&nbsp;[\/vc_column_text][\/vc_column][vc_column width=&#8221;1\/3&#8243;][\/vc_column][vc_column width=&#8221;1\/3&#8243;][\/vc_column][\/vc_row][vc_row full_width=&#8221;stretch_row&#8221; css=&#8221;.vc_custom_1636891230821{background-color: #ffffff !important;}&#8221;][vc_column][vc_custom_heading text=&#8221;Jeste li znali?&#8221;][vc_column_text]U Hrvatskoj postoje dvije vrste roda, bijela i crna. Za razliku od svoje ro\u0111akinje bijele rode koja na krovovima i dimnjacima \u010duva hrvatska sela, samo pravi i strpljivi poznavatelji ptica mogu uo\u010diti gnijezdo crne rode u visokim kro\u0161njama starih \u0161uma. Ona obitava u mirnim \u0161umama koje su okru\u017eene potocima, lokvama, barama, kanalima i vla\u017enim livadama. Gnijezdo gradi na velikom starom drve\u0107u. Crne rode su monogamne. Parovi su dugotrajni, ali veza tijekom godine naj\u010de\u0161\u0107e traje samo za gnijezde\u0107e sezone i obnavlja se svakog prolje\u0107a.[\/vc_column_text]<div class=\"ult-spacer spacer-69f615b263921\" data-id=\"69f615b263921\" data-height=\"100\" data-height-mobile=\"25\" data-height-tab=\"70\" data-height-tab-portrait=\"50\" data-height-mobile-landscape=\"30\" style=\"clear:both;display:block;\"><\/div>[\/vc_column][\/vc_row][vc_row full_width=&#8221;stretch_row&#8221; bg_type=&#8221;bg_color&#8221; bg_color_value=&#8221;#ffffff&#8221;][vc_column][vc_masonry_media_grid item=&#8221;masonryMedia_BorderedScale&#8221; initial_loading_animation=&#8221;fadeIn&#8221; grid_id=&#8221;vc_gid:1646657451548-6260b092-1e75-2&#8243; include=&#8221;3979,11087,3981,11426,3982,4262,3984,3985,3986,3987,3988,3989&#8243;][\/vc_column][\/vc_row][vc_row][vc_column][vc_text_separator title=&#8221;Istra\u017ei i do\u017eivi!&#8221; color=&#8221;sandy_brown&#8221; style=&#8221;double&#8221; el_width=&#8221;80&#8243; css_animation=&#8221;fadeIn&#8221;]<div class=\"ult-spacer spacer-69f615b26393e\" data-id=\"69f615b26393e\" data-height=\"40\" data-height-mobile=\"20\" data-height-tab=\"30\" data-height-tab-portrait=\"30\" data-height-mobile-landscape=\"20\" style=\"clear:both;display:block;\"><\/div>[vc_masonry_grid post_type=&#8221;ids&#8221; style=&#8221;lazy&#8221; items_per_page=&#8221;2&#8243; element_width=&#8221;6&#8243; item=&#8221;masonryGrid_FadeIn&#8221; initial_loading_animation=&#8221;fadeIn&#8221; grid_id=&#8221;vc_gid:1646657451550-7c6e243c-9082-10&#8243; include=&#8221;3969, 4062&#8243;]<div class=\"ult-spacer spacer-69f615b26394a\" data-id=\"69f615b26394a\" data-height=\"100\" data-height-mobile=\"25\" data-height-tab=\"70\" data-height-tab-portrait=\"50\" data-height-mobile-landscape=\"30\" style=\"clear:both;display:block;\"><\/div>[\/vc_column][\/vc_row]<\/p>\n","protected":false},"excerpt":{"rendered":"<p>[vc_row full_width=&#8221;stretch_row&#8221;][vc_column][\/vc_column][\/vc_row][vc_row full_width=&#8221;stretch_row&#8221;][vc_column][vc_column_text css=&#8221;.vc_custom_1645784304410{padding-top: 2rem !important;padding-bottom: 3rem !important;}&#8221;]Posebni zoolo\u0161ki rezervat Varo\u0161ki lug progla\u0161eno je 1982. godine na povr\u0161ina 897,03 ha. Manji dio rezervata, na povr\u0161ini od 62.49 ha, progla\u0161en je 1988. godine i posebnim rezervatom \u0161umske vegetacije. Ovo je podru\u010dje [&hellip;]<\/p>\n","protected":false},"author":1,"featured_media":3443,"parent":2509,"menu_order":10,"comment_status":"closed","ping_status":"closed","template":"","meta":{"ngg_post_thumbnail":0},"yoast_head":"<!-- This site is optimized with the Yoast SEO plugin v18.4.1 - https:\/\/yoast.com\/wordpress\/plugins\/seo\/ -->\n<title>Varo\u0161ki lug - JU Zeleni prsten Zagreba\u010dke \u017eupanije<\/title>\n<meta name=\"robots\" content=\"index, follow, max-snippet:-1, max-image-preview:large, max-video-preview:-1\" \/>\n<link rel=\"canonical\" href=\"https:\/\/zeleni-prsten.hr\/portal\/zasticena-podrucja\/varoski-lug\/\" \/>\n<meta property=\"og:locale\" content=\"hr_HR\" \/>\n<meta property=\"og:type\" content=\"article\" \/>\n<meta property=\"og:title\" content=\"Varo\u0161ki lug - JU Zeleni prsten Zagreba\u010dke \u017eupanije\" \/>\n<meta property=\"og:description\" content=\"[vc_row full_width=&#8221;stretch_row&#8221;][vc_column][\/vc_column][\/vc_row][vc_row full_width=&#8221;stretch_row&#8221;][vc_column][vc_column_text css=&#8221;.vc_custom_1645784304410{padding-top: 2rem !important;padding-bottom: 3rem !important;}&#8221;]Posebni zoolo\u0161ki rezervat Varo\u0161ki lug progla\u0161eno je 1982. godine na povr\u0161ina 897,03 ha. Manji dio rezervata, na povr\u0161ini od 62.49 ha, progla\u0161en je 1988. godine i posebnim rezervatom \u0161umske vegetacije. Ovo je podru\u010dje [&hellip;]\" \/>\n<meta property=\"og:url\" content=\"https:\/\/zeleni-prsten.hr\/portal\/zasticena-podrucja\/varoski-lug\/\" \/>\n<meta property=\"og:site_name\" content=\"JU Zeleni prsten Zagreba\u010dke \u017eupanije\" \/>\n<meta property=\"article:modified_time\" content=\"2022-03-07T12:51:43+00:00\" \/>\n<meta property=\"og:image\" content=\"https:\/\/zeleni-prsten.hr\/portal\/wp-content\/uploads\/2021\/03\/Poseban-rezervat-sumske-vegetacije-Varoski-lug.jpg\" \/>\n\t<meta property=\"og:image:width\" content=\"2041\" \/>\n\t<meta property=\"og:image:height\" content=\"1338\" \/>\n\t<meta property=\"og:image:type\" content=\"image\/jpeg\" \/>\n<meta name=\"twitter:card\" content=\"summary_large_image\" \/>\n<meta name=\"twitter:label1\" content=\"Procijenjeno vrijeme \u010ditanja\" \/>\n\t<meta name=\"twitter:data1\" content=\"3 minute\" \/>\n<script type=\"application\/ld+json\" class=\"yoast-schema-graph\">{\"@context\":\"https:\/\/schema.org\",\"@graph\":[{\"@type\":\"WebSite\",\"@id\":\"https:\/\/zeleni-prsten.hr\/portal\/#website\",\"url\":\"https:\/\/zeleni-prsten.hr\/portal\/\",\"name\":\"JU Zeleni prsten Zagreba\u010dke \u017eupanije\",\"description\":\"JU Zeleni prsten Zagreba\u010dke \u017eupanije\",\"potentialAction\":[{\"@type\":\"SearchAction\",\"target\":{\"@type\":\"EntryPoint\",\"urlTemplate\":\"https:\/\/zeleni-prsten.hr\/portal\/?s={search_term_string}\"},\"query-input\":\"required name=search_term_string\"}],\"inLanguage\":\"hr\"},{\"@type\":\"ImageObject\",\"@id\":\"https:\/\/zeleni-prsten.hr\/portal\/zasticena-podrucja\/varoski-lug\/#primaryimage\",\"inLanguage\":\"hr\",\"url\":\"https:\/\/zeleni-prsten.hr\/portal\/wp-content\/uploads\/2021\/03\/Poseban-rezervat-sumske-vegetacije-Varoski-lug.jpg\",\"contentUrl\":\"https:\/\/zeleni-prsten.hr\/portal\/wp-content\/uploads\/2021\/03\/Poseban-rezervat-sumske-vegetacije-Varoski-lug.jpg\",\"width\":2041,\"height\":1338,\"caption\":\"OLYMPUS DIGITAL CAMERA\"},{\"@type\":\"WebPage\",\"@id\":\"https:\/\/zeleni-prsten.hr\/portal\/zasticena-podrucja\/varoski-lug\/#webpage\",\"url\":\"https:\/\/zeleni-prsten.hr\/portal\/zasticena-podrucja\/varoski-lug\/\",\"name\":\"Varo\u0161ki lug - JU Zeleni prsten Zagreba\u010dke \u017eupanije\",\"isPartOf\":{\"@id\":\"https:\/\/zeleni-prsten.hr\/portal\/#website\"},\"primaryImageOfPage\":{\"@id\":\"https:\/\/zeleni-prsten.hr\/portal\/zasticena-podrucja\/varoski-lug\/#primaryimage\"},\"datePublished\":\"2021-11-14T12:52:00+00:00\",\"dateModified\":\"2022-03-07T12:51:43+00:00\",\"breadcrumb\":{\"@id\":\"https:\/\/zeleni-prsten.hr\/portal\/zasticena-podrucja\/varoski-lug\/#breadcrumb\"},\"inLanguage\":\"hr\",\"potentialAction\":[{\"@type\":\"ReadAction\",\"target\":[\"https:\/\/zeleni-prsten.hr\/portal\/zasticena-podrucja\/varoski-lug\/\"]}]},{\"@type\":\"BreadcrumbList\",\"@id\":\"https:\/\/zeleni-prsten.hr\/portal\/zasticena-podrucja\/varoski-lug\/#breadcrumb\",\"itemListElement\":[{\"@type\":\"ListItem\",\"position\":1,\"name\":\"Home\",\"item\":\"https:\/\/zeleni-prsten.hr\/portal\/\"},{\"@type\":\"ListItem\",\"position\":2,\"name\":\"Za\u0161ti\u0107ena podru\u010dja\",\"item\":\"https:\/\/zeleni-prsten.hr\/portal\/zasticena-podrucja\/\"},{\"@type\":\"ListItem\",\"position\":3,\"name\":\"Varo\u0161ki lug\"}]}]}<\/script>\n<!-- \/ Yoast SEO plugin. -->","yoast_head_json":{"title":"Varo\u0161ki lug - JU Zeleni prsten Zagreba\u010dke \u017eupanije","robots":{"index":"index","follow":"follow","max-snippet":"max-snippet:-1","max-image-preview":"max-image-preview:large","max-video-preview":"max-video-preview:-1"},"canonical":"https:\/\/zeleni-prsten.hr\/portal\/zasticena-podrucja\/varoski-lug\/","og_locale":"hr_HR","og_type":"article","og_title":"Varo\u0161ki lug - JU Zeleni prsten Zagreba\u010dke \u017eupanije","og_description":"[vc_row full_width=&#8221;stretch_row&#8221;][vc_column][\/vc_column][\/vc_row][vc_row full_width=&#8221;stretch_row&#8221;][vc_column][vc_column_text css=&#8221;.vc_custom_1645784304410{padding-top: 2rem !important;padding-bottom: 3rem !important;}&#8221;]Posebni zoolo\u0161ki rezervat Varo\u0161ki lug progla\u0161eno je 1982. godine na povr\u0161ina 897,03 ha. Manji dio rezervata, na povr\u0161ini od 62.49 ha, progla\u0161en je 1988. godine i posebnim rezervatom \u0161umske vegetacije. Ovo je podru\u010dje [&hellip;]","og_url":"https:\/\/zeleni-prsten.hr\/portal\/zasticena-podrucja\/varoski-lug\/","og_site_name":"JU Zeleni prsten Zagreba\u010dke \u017eupanije","article_modified_time":"2022-03-07T12:51:43+00:00","og_image":[{"width":2041,"height":1338,"url":"https:\/\/zeleni-prsten.hr\/portal\/wp-content\/uploads\/2021\/03\/Poseban-rezervat-sumske-vegetacije-Varoski-lug.jpg","type":"image\/jpeg"}],"twitter_card":"summary_large_image","twitter_misc":{"Procijenjeno vrijeme \u010ditanja":"3 minute"},"schema":{"@context":"https:\/\/schema.org","@graph":[{"@type":"WebSite","@id":"https:\/\/zeleni-prsten.hr\/portal\/#website","url":"https:\/\/zeleni-prsten.hr\/portal\/","name":"JU Zeleni prsten Zagreba\u010dke \u017eupanije","description":"JU Zeleni prsten Zagreba\u010dke \u017eupanije","potentialAction":[{"@type":"SearchAction","target":{"@type":"EntryPoint","urlTemplate":"https:\/\/zeleni-prsten.hr\/portal\/?s={search_term_string}"},"query-input":"required name=search_term_string"}],"inLanguage":"hr"},{"@type":"ImageObject","@id":"https:\/\/zeleni-prsten.hr\/portal\/zasticena-podrucja\/varoski-lug\/#primaryimage","inLanguage":"hr","url":"https:\/\/zeleni-prsten.hr\/portal\/wp-content\/uploads\/2021\/03\/Poseban-rezervat-sumske-vegetacije-Varoski-lug.jpg","contentUrl":"https:\/\/zeleni-prsten.hr\/portal\/wp-content\/uploads\/2021\/03\/Poseban-rezervat-sumske-vegetacije-Varoski-lug.jpg","width":2041,"height":1338,"caption":"OLYMPUS DIGITAL CAMERA"},{"@type":"WebPage","@id":"https:\/\/zeleni-prsten.hr\/portal\/zasticena-podrucja\/varoski-lug\/#webpage","url":"https:\/\/zeleni-prsten.hr\/portal\/zasticena-podrucja\/varoski-lug\/","name":"Varo\u0161ki lug - JU Zeleni prsten Zagreba\u010dke \u017eupanije","isPartOf":{"@id":"https:\/\/zeleni-prsten.hr\/portal\/#website"},"primaryImageOfPage":{"@id":"https:\/\/zeleni-prsten.hr\/portal\/zasticena-podrucja\/varoski-lug\/#primaryimage"},"datePublished":"2021-11-14T12:52:00+00:00","dateModified":"2022-03-07T12:51:43+00:00","breadcrumb":{"@id":"https:\/\/zeleni-prsten.hr\/portal\/zasticena-podrucja\/varoski-lug\/#breadcrumb"},"inLanguage":"hr","potentialAction":[{"@type":"ReadAction","target":["https:\/\/zeleni-prsten.hr\/portal\/zasticena-podrucja\/varoski-lug\/"]}]},{"@type":"BreadcrumbList","@id":"https:\/\/zeleni-prsten.hr\/portal\/zasticena-podrucja\/varoski-lug\/#breadcrumb","itemListElement":[{"@type":"ListItem","position":1,"name":"Home","item":"https:\/\/zeleni-prsten.hr\/portal\/"},{"@type":"ListItem","position":2,"name":"Za\u0161ti\u0107ena podru\u010dja","item":"https:\/\/zeleni-prsten.hr\/portal\/zasticena-podrucja\/"},{"@type":"ListItem","position":3,"name":"Varo\u0161ki lug"}]}]}},"_links":{"self":[{"href":"https:\/\/zeleni-prsten.hr\/portal\/wp-json\/wp\/v2\/pages\/3978"}],"collection":[{"href":"https:\/\/zeleni-prsten.hr\/portal\/wp-json\/wp\/v2\/pages"}],"about":[{"href":"https:\/\/zeleni-prsten.hr\/portal\/wp-json\/wp\/v2\/types\/page"}],"author":[{"embeddable":true,"href":"https:\/\/zeleni-prsten.hr\/portal\/wp-json\/wp\/v2\/users\/1"}],"replies":[{"embeddable":true,"href":"https:\/\/zeleni-prsten.hr\/portal\/wp-json\/wp\/v2\/comments?post=3978"}],"version-history":[{"count":9,"href":"https:\/\/zeleni-prsten.hr\/portal\/wp-json\/wp\/v2\/pages\/3978\/revisions"}],"predecessor-version":[{"id":12072,"href":"https:\/\/zeleni-prsten.hr\/portal\/wp-json\/wp\/v2\/pages\/3978\/revisions\/12072"}],"up":[{"embeddable":true,"href":"https:\/\/zeleni-prsten.hr\/portal\/wp-json\/wp\/v2\/pages\/2509"}],"wp:featuredmedia":[{"embeddable":true,"href":"https:\/\/zeleni-prsten.hr\/portal\/wp-json\/wp\/v2\/media\/3443"}],"wp:attachment":[{"href":"https:\/\/zeleni-prsten.hr\/portal\/wp-json\/wp\/v2\/media?parent=3978"}],"curies":[{"name":"wp","href":"https:\/\/api.w.org\/{rel}","templated":true}]}}