{"id":4062,"date":"2021-11-14T15:47:36","date_gmt":"2021-11-14T14:47:36","guid":{"rendered":"https:\/\/zeleni-prsten.hr\/portal\/?page_id=4062"},"modified":"2022-03-07T13:54:28","modified_gmt":"2022-03-07T12:54:28","slug":"turopoljski-lug","status":"publish","type":"page","link":"https:\/\/zeleni-prsten.hr\/portal\/zasticena-podrucja\/turopoljski-lug\/","title":{"rendered":"Turopoljski lug"},"content":{"rendered":"<p>[vc_row full_width=&#8221;stretch_row&#8221;][vc_column]<div class=\"ult-spacer spacer-69e420a03f69e\" data-id=\"69e420a03f69e\" data-height=\"75\" data-height-mobile=\"30\" data-height-tab=\"50\" data-height-tab-portrait=\"50\" data-height-mobile-landscape=\"20\" style=\"clear:both;display:block;\"><\/div>[\/vc_column][\/vc_row][vc_row full_width=&#8221;stretch_row&#8221;][vc_column][vc_column_text css=&#8221;.vc_custom_1636901060525{padding-top: 2rem !important;padding-bottom: 3rem !important;}&#8221;]Turopoljski lug i vla\u017ene livade uz rijeku Odru za\u0161ti\u0107ene su 2003. godine kao zna\u010dajni krajobraz ukupne povr\u0161ine 3.403,56 ha. Na ovom podru\u010dju isprepli\u0107u se tri cjeline. To su jo\u0161 uvijek o\u010duvani kompleks poplavnih \u0161uma hrasta lu\u017enjaka &#8211; Turopoljski lug, vla\u017ene livade uz rijeku Odru te prirodni tok rijeke Odre. Odransko polje s okolnim \u0161umama predstavlja prirodnu retenciju, \u0161to zna\u010di da mo\u017ee primiti ogromne koli\u010dine vode te na taj na\u010din \u0161titi naselja koja se nalaze nizvodno uz rijeku Savu.<\/p>\n<p>Dosada\u0161nja istra\u017eivanja pokazala su kako se ovo podru\u010dje odlikuje velikom raznoliko\u0161\u0107u stani\u0161ta, a time i bogatstvom biljnih i \u017eivotinjskih vrsta, od kojih je ve\u0107ina za\u0161ti\u0107ena Zakonom o za\u0161titi prirode, a pojedine su za\u0161ti\u0107ene i na europskoj razini. Zabilje\u017eeno je 48 razli\u010ditih stani\u0161nih tipova, 358 biljnih svojti, 133 vrsta kornja\u0161a, 60 vrsta pauka, 73 vrste danjih leptira, 23 vrste vretenaca, 13 vrsta vodozemaca, 9 vrsta gmazova, 23 vrste riba i 33 vrste sisavaca. Ova stani\u0161ta se osobito isti\u010du brojno\u0161\u0107u i raznoliko\u0161\u0107u vrsta ptica, kojih je zabilje\u017eeno vi\u0161e od 200 vrsta. Od onih najugro\u017eenijih treba istaknuti orla klikta\u0161a, \u0161tekavca, eju livadarku, crnu rodu te kosca, koji se gnijezdi na vla\u017enim livadama uz Odru.<\/p>\n<p>Zbog redovitih poplava, \u017eivot na ovom podru\u010dju nije nimalo lagan, ali na takve uvjete naviknuti su i ljudi, ali i biljke i \u017eivotinje koje tamo obitavaju.[\/vc_column_text][\/vc_column][\/vc_row][vc_row full_width=&#8221;stretch_row&#8221; css=&#8221;.vc_custom_1636891230821{background-color: #ffffff !important;}&#8221;][vc_column][vc_custom_heading text=&#8221;Jeste li znali?&#8221;][vc_column_text]Tajanstvena ptica kosac dolazi u na\u0161e krajeve zaljubiti se i podi\u0107i obitelj. Tijekom gnije\u017e\u0111enja vrlo rijetko leti i ve\u0107inu vremena provodi skriven u travi. Ugro\u017eava ga zarastanje livada, prerana ko\u0161nja kao i ko\u0161nja brzom mehanizacijom te kru\u017ena ko\u0161nja od ruba prema sredini polja. Zbog toga su kosci (i ptica, i \u010dovjek) simbol su\u017eivota ljudi i prirode.[\/vc_column_text]<div class=\"ult-spacer spacer-69e420a03f6ed\" data-id=\"69e420a03f6ed\" data-height=\"100\" data-height-mobile=\"25\" data-height-tab=\"70\" data-height-tab-portrait=\"50\" data-height-mobile-landscape=\"30\" style=\"clear:both;display:block;\"><\/div>[\/vc_column][\/vc_row][vc_row full_width=&#8221;stretch_row&#8221; bg_type=&#8221;bg_color&#8221; bg_color_value=&#8221;#ffffff&#8221;][vc_column][vc_masonry_media_grid item=&#8221;masonryMedia_BorderedScale&#8221; initial_loading_animation=&#8221;fadeIn&#8221; grid_id=&#8221;vc_gid:1646657614390-6acc4b28-8b20-1&#8243; include=&#8221;4063,4064,4065,4066,4067,4068,4069,4070,4071,4072,4073,4074,4075,4076,4077,4078,4079,4080&#8243;][\/vc_column][\/vc_row][vc_row][vc_column][vc_text_separator title=&#8221;Istra\u017ei i do\u017eivi!&#8221; color=&#8221;sandy_brown&#8221; style=&#8221;double&#8221; el_width=&#8221;80&#8243; css_animation=&#8221;fadeIn&#8221;]<div class=\"ult-spacer spacer-69e420a03f74a\" data-id=\"69e420a03f74a\" data-height=\"40\" data-height-mobile=\"20\" data-height-tab=\"30\" data-height-tab-portrait=\"30\" data-height-mobile-landscape=\"20\" style=\"clear:both;display:block;\"><\/div>[vc_masonry_grid post_type=&#8221;ids&#8221; style=&#8221;lazy&#8221; items_per_page=&#8221;2&#8243; element_width=&#8221;6&#8243; item=&#8221;masonryGrid_FadeIn&#8221; initial_loading_animation=&#8221;fadeIn&#8221; grid_id=&#8221;vc_gid:1646657614392-7cc66e9f-9a39-3&#8243; include=&#8221;4058, 3978&#8243;]<div class=\"ult-spacer spacer-69e420a03f772\" data-id=\"69e420a03f772\" data-height=\"100\" data-height-mobile=\"25\" data-height-tab=\"70\" data-height-tab-portrait=\"50\" data-height-mobile-landscape=\"30\" style=\"clear:both;display:block;\"><\/div>[\/vc_column][\/vc_row]<\/p>\n","protected":false},"excerpt":{"rendered":"<p>[vc_row full_width=&#8221;stretch_row&#8221;][vc_column][\/vc_column][\/vc_row][vc_row full_width=&#8221;stretch_row&#8221;][vc_column][vc_column_text css=&#8221;.vc_custom_1636901060525{padding-top: 2rem !important;padding-bottom: 3rem !important;}&#8221;]Turopoljski lug i vla\u017ene livade uz rijeku Odru za\u0161ti\u0107ene su 2003. godine kao zna\u010dajni krajobraz ukupne povr\u0161ine 3.403,56 ha. Na ovom podru\u010dju isprepli\u0107u se tri cjeline. To su jo\u0161 uvijek o\u010duvani kompleks poplavnih [&hellip;]<\/p>\n","protected":false},"author":1,"featured_media":3438,"parent":2509,"menu_order":21,"comment_status":"closed","ping_status":"closed","template":"","meta":{"ngg_post_thumbnail":0},"yoast_head":"<!-- This site is optimized with the Yoast SEO plugin v18.4.1 - https:\/\/yoast.com\/wordpress\/plugins\/seo\/ -->\n<title>Turopoljski lug - JU Zeleni prsten Zagreba\u010dke \u017eupanije<\/title>\n<meta name=\"robots\" content=\"index, follow, max-snippet:-1, max-image-preview:large, max-video-preview:-1\" \/>\n<link rel=\"canonical\" href=\"https:\/\/zeleni-prsten.hr\/portal\/zasticena-podrucja\/turopoljski-lug\/\" \/>\n<meta property=\"og:locale\" content=\"hr_HR\" \/>\n<meta property=\"og:type\" content=\"article\" \/>\n<meta property=\"og:title\" content=\"Turopoljski lug - JU Zeleni prsten Zagreba\u010dke \u017eupanije\" \/>\n<meta property=\"og:description\" content=\"[vc_row full_width=&#8221;stretch_row&#8221;][vc_column][\/vc_column][\/vc_row][vc_row full_width=&#8221;stretch_row&#8221;][vc_column][vc_column_text css=&#8221;.vc_custom_1636901060525{padding-top: 2rem !important;padding-bottom: 3rem !important;}&#8221;]Turopoljski lug i vla\u017ene livade uz rijeku Odru za\u0161ti\u0107ene su 2003. godine kao zna\u010dajni krajobraz ukupne povr\u0161ine 3.403,56 ha. Na ovom podru\u010dju isprepli\u0107u se tri cjeline. To su jo\u0161 uvijek o\u010duvani kompleks poplavnih [&hellip;]\" \/>\n<meta property=\"og:url\" content=\"https:\/\/zeleni-prsten.hr\/portal\/zasticena-podrucja\/turopoljski-lug\/\" \/>\n<meta property=\"og:site_name\" content=\"JU Zeleni prsten Zagreba\u010dke \u017eupanije\" \/>\n<meta property=\"article:modified_time\" content=\"2022-03-07T12:54:28+00:00\" \/>\n<meta property=\"og:image\" content=\"https:\/\/zeleni-prsten.hr\/portal\/wp-content\/uploads\/2021\/03\/Znacajni-krajobraz-Turopoljski-lug.jpg\" \/>\n\t<meta property=\"og:image:width\" content=\"2500\" \/>\n\t<meta property=\"og:image:height\" content=\"1875\" \/>\n\t<meta property=\"og:image:type\" content=\"image\/jpeg\" \/>\n<meta name=\"twitter:card\" content=\"summary_large_image\" \/>\n<meta name=\"twitter:label1\" content=\"Procijenjeno vrijeme \u010ditanja\" \/>\n\t<meta name=\"twitter:data1\" content=\"3 minute\" \/>\n<script type=\"application\/ld+json\" class=\"yoast-schema-graph\">{\"@context\":\"https:\/\/schema.org\",\"@graph\":[{\"@type\":\"WebSite\",\"@id\":\"https:\/\/zeleni-prsten.hr\/portal\/#website\",\"url\":\"https:\/\/zeleni-prsten.hr\/portal\/\",\"name\":\"JU Zeleni prsten Zagreba\u010dke \u017eupanije\",\"description\":\"JU Zeleni prsten Zagreba\u010dke \u017eupanije\",\"potentialAction\":[{\"@type\":\"SearchAction\",\"target\":{\"@type\":\"EntryPoint\",\"urlTemplate\":\"https:\/\/zeleni-prsten.hr\/portal\/?s={search_term_string}\"},\"query-input\":\"required name=search_term_string\"}],\"inLanguage\":\"hr\"},{\"@type\":\"ImageObject\",\"@id\":\"https:\/\/zeleni-prsten.hr\/portal\/zasticena-podrucja\/turopoljski-lug\/#primaryimage\",\"inLanguage\":\"hr\",\"url\":\"https:\/\/zeleni-prsten.hr\/portal\/wp-content\/uploads\/2021\/03\/Znacajni-krajobraz-Turopoljski-lug.jpg\",\"contentUrl\":\"https:\/\/zeleni-prsten.hr\/portal\/wp-content\/uploads\/2021\/03\/Znacajni-krajobraz-Turopoljski-lug.jpg\",\"width\":2500,\"height\":1875,\"caption\":\"OLYMPUS DIGITAL CAMERA\"},{\"@type\":\"WebPage\",\"@id\":\"https:\/\/zeleni-prsten.hr\/portal\/zasticena-podrucja\/turopoljski-lug\/#webpage\",\"url\":\"https:\/\/zeleni-prsten.hr\/portal\/zasticena-podrucja\/turopoljski-lug\/\",\"name\":\"Turopoljski lug - JU Zeleni prsten Zagreba\u010dke \u017eupanije\",\"isPartOf\":{\"@id\":\"https:\/\/zeleni-prsten.hr\/portal\/#website\"},\"primaryImageOfPage\":{\"@id\":\"https:\/\/zeleni-prsten.hr\/portal\/zasticena-podrucja\/turopoljski-lug\/#primaryimage\"},\"datePublished\":\"2021-11-14T14:47:36+00:00\",\"dateModified\":\"2022-03-07T12:54:28+00:00\",\"breadcrumb\":{\"@id\":\"https:\/\/zeleni-prsten.hr\/portal\/zasticena-podrucja\/turopoljski-lug\/#breadcrumb\"},\"inLanguage\":\"hr\",\"potentialAction\":[{\"@type\":\"ReadAction\",\"target\":[\"https:\/\/zeleni-prsten.hr\/portal\/zasticena-podrucja\/turopoljski-lug\/\"]}]},{\"@type\":\"BreadcrumbList\",\"@id\":\"https:\/\/zeleni-prsten.hr\/portal\/zasticena-podrucja\/turopoljski-lug\/#breadcrumb\",\"itemListElement\":[{\"@type\":\"ListItem\",\"position\":1,\"name\":\"Home\",\"item\":\"https:\/\/zeleni-prsten.hr\/portal\/\"},{\"@type\":\"ListItem\",\"position\":2,\"name\":\"Za\u0161ti\u0107ena podru\u010dja\",\"item\":\"https:\/\/zeleni-prsten.hr\/portal\/zasticena-podrucja\/\"},{\"@type\":\"ListItem\",\"position\":3,\"name\":\"Turopoljski lug\"}]}]}<\/script>\n<!-- \/ Yoast SEO plugin. -->","yoast_head_json":{"title":"Turopoljski lug - JU Zeleni prsten Zagreba\u010dke \u017eupanije","robots":{"index":"index","follow":"follow","max-snippet":"max-snippet:-1","max-image-preview":"max-image-preview:large","max-video-preview":"max-video-preview:-1"},"canonical":"https:\/\/zeleni-prsten.hr\/portal\/zasticena-podrucja\/turopoljski-lug\/","og_locale":"hr_HR","og_type":"article","og_title":"Turopoljski lug - JU Zeleni prsten Zagreba\u010dke \u017eupanije","og_description":"[vc_row full_width=&#8221;stretch_row&#8221;][vc_column][\/vc_column][\/vc_row][vc_row full_width=&#8221;stretch_row&#8221;][vc_column][vc_column_text css=&#8221;.vc_custom_1636901060525{padding-top: 2rem !important;padding-bottom: 3rem !important;}&#8221;]Turopoljski lug i vla\u017ene livade uz rijeku Odru za\u0161ti\u0107ene su 2003. godine kao zna\u010dajni krajobraz ukupne povr\u0161ine 3.403,56 ha. Na ovom podru\u010dju isprepli\u0107u se tri cjeline. To su jo\u0161 uvijek o\u010duvani kompleks poplavnih [&hellip;]","og_url":"https:\/\/zeleni-prsten.hr\/portal\/zasticena-podrucja\/turopoljski-lug\/","og_site_name":"JU Zeleni prsten Zagreba\u010dke \u017eupanije","article_modified_time":"2022-03-07T12:54:28+00:00","og_image":[{"width":2500,"height":1875,"url":"https:\/\/zeleni-prsten.hr\/portal\/wp-content\/uploads\/2021\/03\/Znacajni-krajobraz-Turopoljski-lug.jpg","type":"image\/jpeg"}],"twitter_card":"summary_large_image","twitter_misc":{"Procijenjeno vrijeme \u010ditanja":"3 minute"},"schema":{"@context":"https:\/\/schema.org","@graph":[{"@type":"WebSite","@id":"https:\/\/zeleni-prsten.hr\/portal\/#website","url":"https:\/\/zeleni-prsten.hr\/portal\/","name":"JU Zeleni prsten Zagreba\u010dke \u017eupanije","description":"JU Zeleni prsten Zagreba\u010dke \u017eupanije","potentialAction":[{"@type":"SearchAction","target":{"@type":"EntryPoint","urlTemplate":"https:\/\/zeleni-prsten.hr\/portal\/?s={search_term_string}"},"query-input":"required name=search_term_string"}],"inLanguage":"hr"},{"@type":"ImageObject","@id":"https:\/\/zeleni-prsten.hr\/portal\/zasticena-podrucja\/turopoljski-lug\/#primaryimage","inLanguage":"hr","url":"https:\/\/zeleni-prsten.hr\/portal\/wp-content\/uploads\/2021\/03\/Znacajni-krajobraz-Turopoljski-lug.jpg","contentUrl":"https:\/\/zeleni-prsten.hr\/portal\/wp-content\/uploads\/2021\/03\/Znacajni-krajobraz-Turopoljski-lug.jpg","width":2500,"height":1875,"caption":"OLYMPUS DIGITAL CAMERA"},{"@type":"WebPage","@id":"https:\/\/zeleni-prsten.hr\/portal\/zasticena-podrucja\/turopoljski-lug\/#webpage","url":"https:\/\/zeleni-prsten.hr\/portal\/zasticena-podrucja\/turopoljski-lug\/","name":"Turopoljski lug - JU Zeleni prsten Zagreba\u010dke \u017eupanije","isPartOf":{"@id":"https:\/\/zeleni-prsten.hr\/portal\/#website"},"primaryImageOfPage":{"@id":"https:\/\/zeleni-prsten.hr\/portal\/zasticena-podrucja\/turopoljski-lug\/#primaryimage"},"datePublished":"2021-11-14T14:47:36+00:00","dateModified":"2022-03-07T12:54:28+00:00","breadcrumb":{"@id":"https:\/\/zeleni-prsten.hr\/portal\/zasticena-podrucja\/turopoljski-lug\/#breadcrumb"},"inLanguage":"hr","potentialAction":[{"@type":"ReadAction","target":["https:\/\/zeleni-prsten.hr\/portal\/zasticena-podrucja\/turopoljski-lug\/"]}]},{"@type":"BreadcrumbList","@id":"https:\/\/zeleni-prsten.hr\/portal\/zasticena-podrucja\/turopoljski-lug\/#breadcrumb","itemListElement":[{"@type":"ListItem","position":1,"name":"Home","item":"https:\/\/zeleni-prsten.hr\/portal\/"},{"@type":"ListItem","position":2,"name":"Za\u0161ti\u0107ena podru\u010dja","item":"https:\/\/zeleni-prsten.hr\/portal\/zasticena-podrucja\/"},{"@type":"ListItem","position":3,"name":"Turopoljski lug"}]}]}},"_links":{"self":[{"href":"https:\/\/zeleni-prsten.hr\/portal\/wp-json\/wp\/v2\/pages\/4062"}],"collection":[{"href":"https:\/\/zeleni-prsten.hr\/portal\/wp-json\/wp\/v2\/pages"}],"about":[{"href":"https:\/\/zeleni-prsten.hr\/portal\/wp-json\/wp\/v2\/types\/page"}],"author":[{"embeddable":true,"href":"https:\/\/zeleni-prsten.hr\/portal\/wp-json\/wp\/v2\/users\/1"}],"replies":[{"embeddable":true,"href":"https:\/\/zeleni-prsten.hr\/portal\/wp-json\/wp\/v2\/comments?post=4062"}],"version-history":[{"count":5,"href":"https:\/\/zeleni-prsten.hr\/portal\/wp-json\/wp\/v2\/pages\/4062\/revisions"}],"predecessor-version":[{"id":12082,"href":"https:\/\/zeleni-prsten.hr\/portal\/wp-json\/wp\/v2\/pages\/4062\/revisions\/12082"}],"up":[{"embeddable":true,"href":"https:\/\/zeleni-prsten.hr\/portal\/wp-json\/wp\/v2\/pages\/2509"}],"wp:featuredmedia":[{"embeddable":true,"href":"https:\/\/zeleni-prsten.hr\/portal\/wp-json\/wp\/v2\/media\/3438"}],"wp:attachment":[{"href":"https:\/\/zeleni-prsten.hr\/portal\/wp-json\/wp\/v2\/media?parent=4062"}],"curies":[{"name":"wp","href":"https:\/\/api.w.org\/{rel}","templated":true}]}}